{"id":844,"date":"2012-07-06T08:33:14","date_gmt":"2012-07-06T08:33:14","guid":{"rendered":"http:\/\/www.erfahrungsfeld-schoen-und-gut.de\/?page_id=844"},"modified":"2018-11-28T14:50:19","modified_gmt":"2018-11-28T14:50:19","slug":"rabauki-sommerferien-2012","status":"publish","type":"page","link":"https:\/\/www.erfahrungsfeld-schoen-und-gut.de\/?page_id=844","title":{"rendered":"Rabauki (ab 2012)"},"content":{"rendered":"<h3>Weiterf\u00fchrende und stets aktuelle Information zu Rabauki sind zu finden unter:<\/h3>\n<h3><a href=\"https:\/\/www.rabauki.de\">https:\/\/www.rabauki.de\/content\/index.php<\/a><\/h3>\n<p>&nbsp;<\/p>\n<h3>2015<\/h3>\n<p>Etwa 150 Kinder aus der Region&nbsp;freuen sich darauf, bei hoffentlich gutem Wetter drei Wochen lang zu bauen, zu zimmern, zu nageln und zu h\u00e4mmern. Wieder sind zahlreiche Holz- und andere Sachspenden eingegangen, darunter auch Werkzeuge, \u00fcber die sich die Verantwortlichen sehr freuen.<\/p>\n<p><a href=\"http:\/\/www.erfahrungsfeld-schoen-und-gut.de\/wp-content\/uploads\/2012\/07\/2015-07-16-SCH\u00d6NUNDGUT-6.jpg\"><img loading=\"lazy\" decoding=\"async\" class=\"alignnone size-thumbnail wp-image-1657\" src=\"http:\/\/www.erfahrungsfeld-schoen-und-gut.de\/wp-content\/uploads\/2012\/07\/2015-07-16-SCH\u00d6NUNDGUT-6-150x150.jpg\" alt=\"2015 07 16 SCH\u00d6NUNDGUT (6)\" width=\"150\" height=\"150\"><\/a><\/p>\n<h3>Ende 2014<\/h3>\n<p>Zum Ende des Jahres hat der Verein einen Vorl\u00e4ufer des &#8222;Ganzjahresbetriebs&#8220; aufgenommen. Rabauki f\u00fchrt nun Bauspielplatz-Wochenendaktionen f\u00fcr bis zu 40 Kinder durch. Die ersten Veranstaltungen hatten eine tolle Resonanz.<\/p>\n<p><a href=\"http:\/\/www.erfahrungsfeld-schoen-und-gut.de\/wp-content\/uploads\/2015\/01\/DSC_0978.jpg\"><img loading=\"lazy\" decoding=\"async\" class=\"alignnone size-medium wp-image-1456\" src=\"http:\/\/www.erfahrungsfeld-schoen-und-gut.de\/wp-content\/uploads\/2015\/01\/DSC_0978-300x200.jpg\" alt=\"DSC_0978\" width=\"300\" height=\"200\" srcset=\"https:\/\/www.erfahrungsfeld-schoen-und-gut.de\/wp-content\/uploads\/2015\/01\/DSC_0978-300x200.jpg 300w, https:\/\/www.erfahrungsfeld-schoen-und-gut.de\/wp-content\/uploads\/2015\/01\/DSC_0978-1024x683.jpg 1024w, https:\/\/www.erfahrungsfeld-schoen-und-gut.de\/wp-content\/uploads\/2015\/01\/DSC_0978-450x300.jpg 450w\" sizes=\"auto, (max-width: 300px) 100vw, 300px\" \/><\/a><\/p>\n<h3><strong>2014<\/strong><\/h3>\n<p>Wie die Zeit doch vergeht &#8230; Bereits zum 3. Mal findet das Rabauki-Bauspielplatz-Spektakel auf dem Gel\u00e4nde der Hoppmann Stiftung statt. Wie immer k\u00f6nnen bis zu 150 Kindern drei Wochen lang mit rund 30 Tonnen Holz, 200 kg N\u00e4geln und weiteren p\u00e4dagogischen Materialien werkeln. Mittlerweile sind alle Pl\u00e4tze vergeben, und auf der N\u00e4chr\u00fcckerliste stehen weitere 60 Kinder, die wohl leider nicht zum Zuge kommen werden. Das Interesse ist auf jeden Fall riesengro\u00df. Los geht&#8217;s am 28. Juli, der letzte Tag von Rauabki 2014 ist dann am 15. August.<\/p>\n<p>siehe auch: http:\/\/www.rabauki.de<\/p>\n<h3><strong>2013<\/strong><\/h3>\n<p>Auch im Jahr 2013 fand der Bauspielplatz des Vereins RaBauKi wieder wie bereits schon im Vorjahr auf dem Erfahrungsfeld Sch\u00f6n&amp;Gut auf dem Siegener Fischbacherberg statt. In dem Zeitraum vom 05. bis 23. August bauten t\u00e4glich 150 Kinder ein H\u00fcttendorf nach ihren eigenen Vorstellungen. In drei Wochen entstand so eine kleine Stadt mit \u00fcber 60 H\u00fctten, die von den Kindern unterschiedliche Funktionen erhielten. Neben einem Spielhaus, Nagelverkauf oder M\u00f6belbau gab es auch dieses Jahr wieder H\u00fctten, in denen im Spiel bewegendes aus dem Alltag thematisiert wurde.<br \/>\nDie von Kindern selbst gestalteten Radiosendungen informierten t\u00e4glich \u00fcber die aktuellen Neuigkeiten des Bauspielplatzes und boten Raum f\u00fcr Berichte, Anzeigen und Unterhaltung. Neben dem obligatorischen Lagerfeuer, an dem sich die Kinder ihr Stockbrot backten und dem selbst gebauten Lehmofen, aus dem es selbst gemachte Pizza gab, konnte man zahlreiche andere Aktivit\u00e4ten wie Schmieden, Jonglieren und Ballspiele beobachten. So gab es dieses Jahr beispielsweise ein Rathaus und eine Post.<br \/>\nDie Platz\u00fcbernachtungen waren f\u00fcr viele Kinder und das RaBauKi-Team Highlight des Bauspielplatzes.<br \/>\nNach dem sch\u00f6nen Abschlussfest f\u00fcr Kinder und ihre Eltern am 24. August begann am 26. bis zum 29. August der arbeitsintensive Abbau. In nur vier Tagen wurde das gesamte Holz (insgesamt 35 Tonnen) vom RaBauKi-Team zur Entsorgung in gro\u00dfe Beh\u00e4lter verladen, die immense Infrastruktur zur\u00fcck gebaut und die Wiese in ihren nagel- und holzfreien Ursprungszustand versetzt.<\/p>\n<p><a href=\"http:\/\/www.erfahrungsfeld-schoen-und-gut.de\/wp-content\/uploads\/2012\/07\/rabauki-2013-145.jpg\"><img loading=\"lazy\" decoding=\"async\" class=\"alignnone size-medium wp-image-1261\" src=\"http:\/\/www.erfahrungsfeld-schoen-und-gut.de\/wp-content\/uploads\/2012\/07\/rabauki-2013-145-300x221.jpg\" alt=\"rabauki-2013-145\" width=\"300\" height=\"221\" srcset=\"https:\/\/www.erfahrungsfeld-schoen-und-gut.de\/wp-content\/uploads\/2012\/07\/rabauki-2013-145-300x221.jpg 300w, https:\/\/www.erfahrungsfeld-schoen-und-gut.de\/wp-content\/uploads\/2012\/07\/rabauki-2013-145-406x300.jpg 406w, https:\/\/www.erfahrungsfeld-schoen-und-gut.de\/wp-content\/uploads\/2012\/07\/rabauki-2013-145.jpg 804w\" sizes=\"auto, (max-width: 300px) 100vw, 300px\" \/><\/a><\/p>\n<p>Vom <strong>5. \u2013 24. August 2013<\/strong> findet das&nbsp;Bauspielplatzprojekt RABAUKI zum zweiten Mal auf dem Erfahrungsfeld <strong>SCH\u00d6NUNDGUT<\/strong> statt. Online-Anmeldungen sind m\u00f6glich bis zum 14.06.2013 unter: <a href=\"http:\/\/www.rabauki.de\/content\/index.php\/aktuelle-informationen\/9-anmeldung-zum-rabauki-sommerprojekt-2013.html\">http:\/\/www.rabauki.de\/content\/index.php\/aktuelle-informationen\/9-anmeldung-zum-rabauki-sommerprojekt-2013.html<\/a><\/p>\n<h3>2012<\/h3>\n<p>Nach 16 Jahren Bauspielplatz hat<\/p>\n<div>\n<p><a href=\"http:\/\/www.erfahrungsfeld-schoen-und-gut.de\/wp-content\/uploads\/2012\/04\/Logo-Rabauki1.gif\"><img loading=\"lazy\" decoding=\"async\" title=\"Logo Rabauki\" src=\"http:\/\/www.erfahrungsfeld-schoen-und-gut.de\/wp-content\/uploads\/2012\/04\/Logo-Rabauki1.gif\" alt=\"\" width=\"212\" height=\"50\"><\/a><\/p>\n<p>die Location gewechselt und ist innerhalb Siegens vom Giersberg auf den Fischbacherberg umgezogen.<\/p>\n<p>Der&nbsp;&nbsp;3-w\u00f6chige Bauspielplatz fand vom&nbsp;23.07.-10.08.2012&nbsp;erstmalig&nbsp;auf dem &#8222;<strong><span style=\"color: #008000;\">SCH\u00d6N<\/span>UND<span style=\"color: #0000ff;\">GUT<\/span><\/strong> Erfahrungsfeld&#8220; statt. Gut m\u00f6glich, dass Rabauki hier auch auf Dauer eine neue &#8222;Heimat&#8220; findet.<\/p>\n<p>Nach 16 Jahren auf dem Giersberg musste man sich zun\u00e4chst zwar noch ein wenig ans neue Umfeld gew\u00f6hnen, doch nach und nach konnte die neue Location die 150 TeilnehmerInnen (Kinder &amp; P\u00e4dagogInnen) begeistern. Die entstandenen Geb\u00e4ude machen in ihrer Vielfalt deutlich, dass die Kinder mit Herz und auch Spa\u00df bei der Sache waren. <em>Mal sehen, ob auch ausnahmsweise mal was stehen bleibt!?!<\/em><\/p>\n<p>In der unten stehenden Bildergalerie sind einige Bilder der Veranstaltung eingef\u00fcgt.<\/p>\n<p>[nggallery id=10]<\/p>\n<\/div>\n","protected":false},"excerpt":{"rendered":"<p>Weiterf\u00fchrende und stets aktuelle Information zu Rabauki sind zu finden unter: https:\/\/www.rabauki.de\/content\/index.php &nbsp; 2015 Etwa 150 Kinder aus der Region&nbsp;freuen sich darauf, bei hoffentlich gutem Wetter drei Wochen lang zu bauen, zu zimmern, zu nageln und zu h\u00e4mmern. Wieder sind &hellip; <a href=\"https:\/\/www.erfahrungsfeld-schoen-und-gut.de\/?page_id=844\">Weiterlesen <span class=\"meta-nav\">&rarr;<\/span><\/a><\/p>\n","protected":false},"author":2,"featured_media":0,"parent":0,"menu_order":0,"comment_status":"open","ping_status":"open","template":"","meta":{"footnotes":""},"class_list":["post-844","page","type-page","status-publish","hentry"],"_links":{"self":[{"href":"https:\/\/www.erfahrungsfeld-schoen-und-gut.de\/index.php?rest_route=\/wp\/v2\/pages\/844","targetHints":{"allow":["GET"]}}],"collection":[{"href":"https:\/\/www.erfahrungsfeld-schoen-und-gut.de\/index.php?rest_route=\/wp\/v2\/pages"}],"about":[{"href":"https:\/\/www.erfahrungsfeld-schoen-und-gut.de\/index.php?rest_route=\/wp\/v2\/types\/page"}],"author":[{"embeddable":true,"href":"https:\/\/www.erfahrungsfeld-schoen-und-gut.de\/index.php?rest_route=\/wp\/v2\/users\/2"}],"replies":[{"embeddable":true,"href":"https:\/\/www.erfahrungsfeld-schoen-und-gut.de\/index.php?rest_route=%2Fwp%2Fv2%2Fcomments&post=844"}],"version-history":[{"count":5,"href":"https:\/\/www.erfahrungsfeld-schoen-und-gut.de\/index.php?rest_route=\/wp\/v2\/pages\/844\/revisions"}],"predecessor-version":[{"id":2039,"href":"https:\/\/www.erfahrungsfeld-schoen-und-gut.de\/index.php?rest_route=\/wp\/v2\/pages\/844\/revisions\/2039"}],"wp:attachment":[{"href":"https:\/\/www.erfahrungsfeld-schoen-und-gut.de\/index.php?rest_route=%2Fwp%2Fv2%2Fmedia&parent=844"}],"curies":[{"name":"wp","href":"https:\/\/api.w.org\/{rel}","templated":true}]}}

<h3>Weiterführende und stets aktuelle Information zu Rabauki sind zu finden unter:</h3>
<h3><a href="https://www.rabauki.de">https://www.rabauki.de/content/index.php</a></h3>
<p>&nbsp;</p>
<h3>2015</h3>
<p>Etwa 150 Kinder aus der Region&nbsp;freuen sich darauf, bei hoffentlich gutem Wetter drei Wochen lang zu bauen, zu zimmern, zu nageln und zu hämmern. Wieder sind zahlreiche Holz- und andere Sachspenden eingegangen, darunter auch Werkzeuge, über die sich die Verantwortlichen sehr freuen.</p>
<p><a href="http://www.erfahrungsfeld-schoen-und-gut.de/wp-content/uploads/2012/07/2015-07-16-SCHÖNUNDGUT-6.jpg"><img loading="lazy" decoding="async" class="alignnone size-thumbnail wp-image-1657" src="http://www.erfahrungsfeld-schoen-und-gut.de/wp-content/uploads/2012/07/2015-07-16-SCHÖNUNDGUT-6-150x150.jpg" alt="2015 07 16 SCHÖNUNDGUT (6)" width="150" height="150"></a></p>
<h3>Ende 2014</h3>
<p>Zum Ende des Jahres hat der Verein einen Vorläufer des &#8222;Ganzjahresbetriebs&#8220; aufgenommen. Rabauki führt nun Bauspielplatz-Wochenendaktionen für bis zu 40 Kinder durch. Die ersten Veranstaltungen hatten eine tolle Resonanz.</p>
<p><a href="http://www.erfahrungsfeld-schoen-und-gut.de/wp-content/uploads/2015/01/DSC_0978.jpg"><img loading="lazy" decoding="async" class="alignnone size-medium wp-image-1456" src="http://www.erfahrungsfeld-schoen-und-gut.de/wp-content/uploads/2015/01/DSC_0978-300x200.jpg" alt="DSC_0978" width="300" height="200" srcset="https://www.erfahrungsfeld-schoen-und-gut.de/wp-content/uploads/2015/01/DSC_0978-300x200.jpg 300w, https://www.erfahrungsfeld-schoen-und-gut.de/wp-content/uploads/2015/01/DSC_0978-1024x683.jpg 1024w, https://www.erfahrungsfeld-schoen-und-gut.de/wp-content/uploads/2015/01/DSC_0978-450x300.jpg 450w" sizes="auto, (max-width: 300px) 100vw, 300px" /></a></p>
<h3><strong>2014</strong></h3>
<p>Wie die Zeit doch vergeht &#8230; Bereits zum 3. Mal findet das Rabauki-Bauspielplatz-Spektakel auf dem Gelände der Hoppmann Stiftung statt. Wie immer können bis zu 150 Kindern drei Wochen lang mit rund 30 Tonnen Holz, 200 kg Nägeln und weiteren pädagogischen Materialien werkeln. Mittlerweile sind alle Plätze vergeben, und auf der Nächrückerliste stehen weitere 60 Kinder, die wohl leider nicht zum Zuge kommen werden. Das Interesse ist auf jeden Fall riesengroß. Los geht&#8217;s am 28. Juli, der letzte Tag von Rauabki 2014 ist dann am 15. August.</p>
<p>siehe auch: http://www.rabauki.de</p>
<h3><strong>2013</strong></h3>
<p>Auch im Jahr 2013 fand der Bauspielplatz des Vereins RaBauKi wieder wie bereits schon im Vorjahr auf dem Erfahrungsfeld Schön&amp;Gut auf dem Siegener Fischbacherberg statt. In dem Zeitraum vom 05. bis 23. August bauten täglich 150 Kinder ein Hüttendorf nach ihren eigenen Vorstellungen. In drei Wochen entstand so eine kleine Stadt mit über 60 Hütten, die von den Kindern unterschiedliche Funktionen erhielten. Neben einem Spielhaus, Nagelverkauf oder Möbelbau gab es auch dieses Jahr wieder Hütten, in denen im Spiel bewegendes aus dem Alltag thematisiert wurde.<br />
Die von Kindern selbst gestalteten Radiosendungen informierten täglich über die aktuellen Neuigkeiten des Bauspielplatzes und boten Raum für Berichte, Anzeigen und Unterhaltung. Neben dem obligatorischen Lagerfeuer, an dem sich die Kinder ihr Stockbrot backten und dem selbst gebauten Lehmofen, aus dem es selbst gemachte Pizza gab, konnte man zahlreiche andere Aktivitäten wie Schmieden, Jonglieren und Ballspiele beobachten. So gab es dieses Jahr beispielsweise ein Rathaus und eine Post.<br />
Die Platzübernachtungen waren für viele Kinder und das RaBauKi-Team Highlight des Bauspielplatzes.<br />
Nach dem schönen Abschlussfest für Kinder und ihre Eltern am 24. August begann am 26. bis zum 29. August der arbeitsintensive Abbau. In nur vier Tagen wurde das gesamte Holz (insgesamt 35 Tonnen) vom RaBauKi-Team zur Entsorgung in große Behälter verladen, die immense Infrastruktur zurück gebaut und die Wiese in ihren nagel- und holzfreien Ursprungszustand versetzt.</p>
<p><a href="http://www.erfahrungsfeld-schoen-und-gut.de/wp-content/uploads/2012/07/rabauki-2013-145.jpg"><img loading="lazy" decoding="async" class="alignnone size-medium wp-image-1261" src="http://www.erfahrungsfeld-schoen-und-gut.de/wp-content/uploads/2012/07/rabauki-2013-145-300x221.jpg" alt="rabauki-2013-145" width="300" height="221" srcset="https://www.erfahrungsfeld-schoen-und-gut.de/wp-content/uploads/2012/07/rabauki-2013-145-300x221.jpg 300w, https://www.erfahrungsfeld-schoen-und-gut.de/wp-content/uploads/2012/07/rabauki-2013-145-406x300.jpg 406w, https://www.erfahrungsfeld-schoen-und-gut.de/wp-content/uploads/2012/07/rabauki-2013-145.jpg 804w" sizes="auto, (max-width: 300px) 100vw, 300px" /></a></p>
<p>Vom <strong>5. – 24. August 2013</strong> findet das&nbsp;Bauspielplatzprojekt RABAUKI zum zweiten Mal auf dem Erfahrungsfeld <strong>SCHÖNUNDGUT</strong> statt. Online-Anmeldungen sind möglich bis zum 14.06.2013 unter: <a href="http://www.rabauki.de/content/index.php/aktuelle-informationen/9-anmeldung-zum-rabauki-sommerprojekt-2013.html">http://www.rabauki.de/content/index.php/aktuelle-informationen/9-anmeldung-zum-rabauki-sommerprojekt-2013.html</a></p>
<h3>2012</h3>
<p>Nach 16 Jahren Bauspielplatz hat</p>
<div>
<p><a href="http://www.erfahrungsfeld-schoen-und-gut.de/wp-content/uploads/2012/04/Logo-Rabauki1.gif"><img loading="lazy" decoding="async" title="Logo Rabauki" src="http://www.erfahrungsfeld-schoen-und-gut.de/wp-content/uploads/2012/04/Logo-Rabauki1.gif" alt="" width="212" height="50"></a></p>
<p>die Location gewechselt und ist innerhalb Siegens vom Giersberg auf den Fischbacherberg umgezogen.</p>
<p>Der&nbsp;&nbsp;3-wöchige Bauspielplatz fand vom&nbsp;23.07.-10.08.2012&nbsp;erstmalig&nbsp;auf dem &#8222;<strong><span style="color: #008000;">SCHÖN</span>UND<span style="color: #0000ff;">GUT</span></strong> Erfahrungsfeld&#8220; statt. Gut möglich, dass Rabauki hier auch auf Dauer eine neue &#8222;Heimat&#8220; findet.</p>
<p>Nach 16 Jahren auf dem Giersberg musste man sich zunächst zwar noch ein wenig ans neue Umfeld gewöhnen, doch nach und nach konnte die neue Location die 150 TeilnehmerInnen (Kinder &amp; PädagogInnen) begeistern. Die entstandenen Gebäude machen in ihrer Vielfalt deutlich, dass die Kinder mit Herz und auch Spaß bei der Sache waren. <em>Mal sehen, ob auch ausnahmsweise mal was stehen bleibt!?!</em></p>
<p>In der unten stehenden Bildergalerie sind einige Bilder der Veranstaltung eingefügt.</p>
<p>[nggallery id=10]</p>
</div>

<p>Weiterführende und stets aktuelle Information zu Rabauki sind zu finden unter: https://www.rabauki.de/content/index.php &nbsp; 2015 Etwa 150 Kinder aus der Region&nbsp;freuen sich darauf, bei hoffentlich gutem Wetter drei Wochen lang zu bauen, zu zimmern, zu nageln und zu hämmern. Wieder sind &hellip; <a href="https://www.erfahrungsfeld-schoen-und-gut.de/?page_id=844">Weiterlesen <span class="meta-nav">&rarr;</span></a></p>
