{"id":841,"date":"2012-07-06T08:28:46","date_gmt":"2012-07-06T08:28:46","guid":{"rendered":"http:\/\/www.erfahrungsfeld-schoen-und-gut.de\/?page_id=841"},"modified":"2013-09-30T12:55:26","modified_gmt":"2013-09-30T12:55:26","slug":"sprachcircus-sommerferien-2012","status":"publish","type":"page","link":"https:\/\/www.erfahrungsfeld-schoen-und-gut.de\/?page_id=841","title":{"rendered":"SprachCircus (ab 2012)"},"content":{"rendered":"<h3>Circus-Sprachcamp 2013<\/h3>\n<p>Das Circus-Sprachcamp fand vom <span style=\"text-decoration: underline;\">22. bis\u00a026. Juli<\/span> statt. Letztes Jahr hatte es fast die ganze Zeit geregnet. Diesmal jedoch ist es so hei\u00df, dass die Kids ganz sch\u00f6n ins Schwitzen kommen. Dennoch &#8211; offensichtlich macht es allen wieder viel Spa\u00df.<\/p>\n<p><a href=\"http:\/\/www.erfahrungsfeld-schoen-und-gut.de\/wp-content\/uploads\/2012\/07\/2013-Spielecircus-01.jpg\"><img loading=\"lazy\" decoding=\"async\" class=\"alignnone size-medium wp-image-1238\" alt=\"OLYMPUS DIGITAL CAMERA\" src=\"http:\/\/www.erfahrungsfeld-schoen-und-gut.de\/wp-content\/uploads\/2012\/07\/2013-Spielecircus-01-300x225.jpg\" width=\"300\" height=\"225\" srcset=\"https:\/\/www.erfahrungsfeld-schoen-und-gut.de\/wp-content\/uploads\/2012\/07\/2013-Spielecircus-01-300x225.jpg 300w, https:\/\/www.erfahrungsfeld-schoen-und-gut.de\/wp-content\/uploads\/2012\/07\/2013-Spielecircus-01-1024x768.jpg 1024w, https:\/\/www.erfahrungsfeld-schoen-und-gut.de\/wp-content\/uploads\/2012\/07\/2013-Spielecircus-01-400x300.jpg 400w\" sizes=\"auto, (max-width: 300px) 100vw, 300px\" \/><\/a> \u00a0 <a href=\"http:\/\/www.erfahrungsfeld-schoen-und-gut.de\/wp-content\/uploads\/2012\/07\/2013-Spielecircus-02.jpg\"><img loading=\"lazy\" decoding=\"async\" class=\"alignnone size-medium wp-image-1239\" alt=\"OLYMPUS DIGITAL CAMERA\" src=\"http:\/\/www.erfahrungsfeld-schoen-und-gut.de\/wp-content\/uploads\/2012\/07\/2013-Spielecircus-02-300x228.jpg\" width=\"300\" height=\"228\" srcset=\"https:\/\/www.erfahrungsfeld-schoen-und-gut.de\/wp-content\/uploads\/2012\/07\/2013-Spielecircus-02-300x228.jpg 300w, https:\/\/www.erfahrungsfeld-schoen-und-gut.de\/wp-content\/uploads\/2012\/07\/2013-Spielecircus-02-1024x780.jpg 1024w, https:\/\/www.erfahrungsfeld-schoen-und-gut.de\/wp-content\/uploads\/2012\/07\/2013-Spielecircus-02-393x300.jpg 393w\" sizes=\"auto, (max-width: 300px) 100vw, 300px\" \/><\/a> <a href=\"http:\/\/www.erfahrungsfeld-schoen-und-gut.de\/wp-content\/uploads\/2012\/07\/Sprachcamp-2013.jpg\"><img loading=\"lazy\" decoding=\"async\" class=\"alignnone size-medium wp-image-1247\" alt=\"OLYMPUS DIGITAL CAMERA\" src=\"http:\/\/www.erfahrungsfeld-schoen-und-gut.de\/wp-content\/uploads\/2012\/07\/Sprachcamp-2013-300x225.jpg\" width=\"300\" height=\"225\" srcset=\"https:\/\/www.erfahrungsfeld-schoen-und-gut.de\/wp-content\/uploads\/2012\/07\/Sprachcamp-2013-300x225.jpg 300w, https:\/\/www.erfahrungsfeld-schoen-und-gut.de\/wp-content\/uploads\/2012\/07\/Sprachcamp-2013-1024x768.jpg 1024w, https:\/\/www.erfahrungsfeld-schoen-und-gut.de\/wp-content\/uploads\/2012\/07\/Sprachcamp-2013-400x300.jpg 400w\" sizes=\"auto, (max-width: 300px) 100vw, 300px\" \/><\/a><\/p>\n<h3>Circus-Sprachcamp 2012<\/h3>\n<p>In den beiden ersten Wochen der Sommerferien war auf dem Erfahrungsfeld &#8222;der Zirkus los&#8220;. Vom 9. bis 20. Juli lief ein 2-w\u00f6chiger\u00a0<strong>Sprach-Circus<\/strong>,\u00a0an dem rund\u00a0<strong>65 Kinder zwischen 7 und 14 Jahren <\/strong>teilnahmen. Im Camp wurde auf spielerische Weise mit Sprache experimentiert, um den Kindern Lernerfolge zu erm\u00f6glichen, die z.B. auch in der Schule weiterhelfen.\u00a0Die Veranstaltung wurde geleitet von erfahrenen P\u00e4dagogInnen des K\u00f6lner SpieleCircus sowie einer Reihe von Studenten der Uni Siegen.<\/p>\n<div>\n<p>[singlepic id=285 w=320 h=240 float=none]<\/p>\n<p>Der Sprach-Circus wurde durch die\u00a0<strong><em>Sparkasse Siegen<\/em><\/strong>\u00a0und die\u00a0<strong><em>Sparkassenstiftung Zukunf<\/em><em>t<\/em><\/strong>\u00a0finanziert. Dar\u00fcber hinaus standen finanzielle Mittel aus dem <strong>Landesprogramm &#8222;Chancen der Vielfalt&#8220;<\/strong>zur Verf\u00fcgung. Kooperationspartner des Projekts waren die <strong>Universit\u00e4t Siegen<\/strong>, die\u00a0Regionale\u00a0Arbeitsstelle zur\u00a0F\u00f6rderung von\u00a0Kindern und\u00a0Jugendlichen aus\u00a0Zuwandererfamilien (<strong>RAA Siegen<\/strong>), der <strong>Internationale Bund<\/strong>, der <strong>Verein f\u00fcr soziale Arbeit und Kultur S\u00fcdwestfalen e.V.<\/strong> sowie die <strong>Hoppmann Stiftung<\/strong>.<\/p>\n<p>Die Hoppmann Stiftung bedankt sich im Namen aller Beteiligten f\u00fcr die gro\u00dfz\u00fcgige Unterst\u00fctzung.<\/p>\n<p>In der unten stehenden Bildergalerie sind einige Bilder der Veranstaltung eingef\u00fcgt, au\u00dferdem finden Sie Zeitungsartikel im Pressearchiv.<\/p>\n<p>[nggallery id=9]<\/p>\n<p>&nbsp;<\/p>\n<\/div>\n","protected":false},"excerpt":{"rendered":"<p>Circus-Sprachcamp 2013 Das Circus-Sprachcamp fand vom 22. bis\u00a026. Juli statt. Letztes Jahr hatte es fast die ganze Zeit geregnet. Diesmal jedoch ist es so hei\u00df, dass die Kids ganz sch\u00f6n ins Schwitzen kommen. Dennoch &#8211; offensichtlich macht es allen wieder &hellip; <a href=\"https:\/\/www.erfahrungsfeld-schoen-und-gut.de\/?page_id=841\">Weiterlesen <span class=\"meta-nav\">&rarr;<\/span><\/a><\/p>\n","protected":false},"author":2,"featured_media":0,"parent":0,"menu_order":0,"comment_status":"open","ping_status":"open","template":"","meta":{"footnotes":""},"class_list":["post-841","page","type-page","status-publish","hentry"],"_links":{"self":[{"href":"https:\/\/www.erfahrungsfeld-schoen-und-gut.de\/index.php?rest_route=\/wp\/v2\/pages\/841","targetHints":{"allow":["GET"]}}],"collection":[{"href":"https:\/\/www.erfahrungsfeld-schoen-und-gut.de\/index.php?rest_route=\/wp\/v2\/pages"}],"about":[{"href":"https:\/\/www.erfahrungsfeld-schoen-und-gut.de\/index.php?rest_route=\/wp\/v2\/types\/page"}],"author":[{"embeddable":true,"href":"https:\/\/www.erfahrungsfeld-schoen-und-gut.de\/index.php?rest_route=\/wp\/v2\/users\/2"}],"replies":[{"embeddable":true,"href":"https:\/\/www.erfahrungsfeld-schoen-und-gut.de\/index.php?rest_route=%2Fwp%2Fv2%2Fcomments&post=841"}],"version-history":[{"count":5,"href":"https:\/\/www.erfahrungsfeld-schoen-und-gut.de\/index.php?rest_route=\/wp\/v2\/pages\/841\/revisions"}],"predecessor-version":[{"id":857,"href":"https:\/\/www.erfahrungsfeld-schoen-und-gut.de\/index.php?rest_route=\/wp\/v2\/pages\/841\/revisions\/857"}],"wp:attachment":[{"href":"https:\/\/www.erfahrungsfeld-schoen-und-gut.de\/index.php?rest_route=%2Fwp%2Fv2%2Fmedia&parent=841"}],"curies":[{"name":"wp","href":"https:\/\/api.w.org\/{rel}","templated":true}]}}

<h3>Circus-Sprachcamp 2013</h3>
<p>Das Circus-Sprachcamp fand vom <span style="text-decoration: underline;">22. bis 26. Juli</span> statt. Letztes Jahr hatte es fast die ganze Zeit geregnet. Diesmal jedoch ist es so heiß, dass die Kids ganz schön ins Schwitzen kommen. Dennoch &#8211; offensichtlich macht es allen wieder viel Spaß.</p>
<p><a href="http://www.erfahrungsfeld-schoen-und-gut.de/wp-content/uploads/2012/07/2013-Spielecircus-01.jpg"><img loading="lazy" decoding="async" class="alignnone size-medium wp-image-1238" alt="OLYMPUS DIGITAL CAMERA" src="http://www.erfahrungsfeld-schoen-und-gut.de/wp-content/uploads/2012/07/2013-Spielecircus-01-300x225.jpg" width="300" height="225" srcset="https://www.erfahrungsfeld-schoen-und-gut.de/wp-content/uploads/2012/07/2013-Spielecircus-01-300x225.jpg 300w, https://www.erfahrungsfeld-schoen-und-gut.de/wp-content/uploads/2012/07/2013-Spielecircus-01-1024x768.jpg 1024w, https://www.erfahrungsfeld-schoen-und-gut.de/wp-content/uploads/2012/07/2013-Spielecircus-01-400x300.jpg 400w" sizes="auto, (max-width: 300px) 100vw, 300px" /></a>   <a href="http://www.erfahrungsfeld-schoen-und-gut.de/wp-content/uploads/2012/07/2013-Spielecircus-02.jpg"><img loading="lazy" decoding="async" class="alignnone size-medium wp-image-1239" alt="OLYMPUS DIGITAL CAMERA" src="http://www.erfahrungsfeld-schoen-und-gut.de/wp-content/uploads/2012/07/2013-Spielecircus-02-300x228.jpg" width="300" height="228" srcset="https://www.erfahrungsfeld-schoen-und-gut.de/wp-content/uploads/2012/07/2013-Spielecircus-02-300x228.jpg 300w, https://www.erfahrungsfeld-schoen-und-gut.de/wp-content/uploads/2012/07/2013-Spielecircus-02-1024x780.jpg 1024w, https://www.erfahrungsfeld-schoen-und-gut.de/wp-content/uploads/2012/07/2013-Spielecircus-02-393x300.jpg 393w" sizes="auto, (max-width: 300px) 100vw, 300px" /></a> <a href="http://www.erfahrungsfeld-schoen-und-gut.de/wp-content/uploads/2012/07/Sprachcamp-2013.jpg"><img loading="lazy" decoding="async" class="alignnone size-medium wp-image-1247" alt="OLYMPUS DIGITAL CAMERA" src="http://www.erfahrungsfeld-schoen-und-gut.de/wp-content/uploads/2012/07/Sprachcamp-2013-300x225.jpg" width="300" height="225" srcset="https://www.erfahrungsfeld-schoen-und-gut.de/wp-content/uploads/2012/07/Sprachcamp-2013-300x225.jpg 300w, https://www.erfahrungsfeld-schoen-und-gut.de/wp-content/uploads/2012/07/Sprachcamp-2013-1024x768.jpg 1024w, https://www.erfahrungsfeld-schoen-und-gut.de/wp-content/uploads/2012/07/Sprachcamp-2013-400x300.jpg 400w" sizes="auto, (max-width: 300px) 100vw, 300px" /></a></p>
<h3>Circus-Sprachcamp 2012</h3>
<p>In den beiden ersten Wochen der Sommerferien war auf dem Erfahrungsfeld &#8222;der Zirkus los&#8220;. Vom 9. bis 20. Juli lief ein 2-wöchiger <strong>Sprach-Circus</strong>, an dem rund <strong>65 Kinder zwischen 7 und 14 Jahren </strong>teilnahmen. Im Camp wurde auf spielerische Weise mit Sprache experimentiert, um den Kindern Lernerfolge zu ermöglichen, die z.B. auch in der Schule weiterhelfen. Die Veranstaltung wurde geleitet von erfahrenen PädagogInnen des Kölner SpieleCircus sowie einer Reihe von Studenten der Uni Siegen.</p>
<div>
<p>[singlepic id=285 w=320 h=240 float=none]</p>
<p>Der Sprach-Circus wurde durch die <strong><em>Sparkasse Siegen</em></strong> und die <strong><em>Sparkassenstiftung Zukunf</em><em>t</em></strong> finanziert. Darüber hinaus standen finanzielle Mittel aus dem <strong>Landesprogramm &#8222;Chancen der Vielfalt&#8220;</strong>zur Verfügung. Kooperationspartner des Projekts waren die <strong>Universität Siegen</strong>, die Regionale Arbeitsstelle zur Förderung von Kindern und Jugendlichen aus Zuwandererfamilien (<strong>RAA Siegen</strong>), der <strong>Internationale Bund</strong>, der <strong>Verein für soziale Arbeit und Kultur Südwestfalen e.V.</strong> sowie die <strong>Hoppmann Stiftung</strong>.</p>
<p>Die Hoppmann Stiftung bedankt sich im Namen aller Beteiligten für die großzügige Unterstützung.</p>
<p>In der unten stehenden Bildergalerie sind einige Bilder der Veranstaltung eingefügt, außerdem finden Sie Zeitungsartikel im Pressearchiv.</p>
<p>[nggallery id=9]</p>
<p>&nbsp;</p>
</div>

<p>Circus-Sprachcamp 2013 Das Circus-Sprachcamp fand vom 22. bis 26. Juli statt. Letztes Jahr hatte es fast die ganze Zeit geregnet. Diesmal jedoch ist es so heiß, dass die Kids ganz schön ins Schwitzen kommen. Dennoch &#8211; offensichtlich macht es allen wieder &hellip; <a href="https://www.erfahrungsfeld-schoen-und-gut.de/?page_id=841">Weiterlesen <span class="meta-nav">&rarr;</span></a></p>
