{"id":17,"date":"2011-09-21T09:59:09","date_gmt":"2011-09-21T09:59:09","guid":{"rendered":"http:\/\/localhost:8888\/hype\/erfahrungsfeld\/?page_id=17"},"modified":"2025-01-13T14:41:42","modified_gmt":"2025-01-13T14:41:42","slug":"hoppman-stiftung","status":"publish","type":"page","link":"https:\/\/www.erfahrungsfeld-schoen-und-gut.de\/?page_id=17","title":{"rendered":"Hoppmann Stiftung"},"content":{"rendered":"<h3><a href=\"http:\/\/www.erfahrungsfeld-schoen-und-gut.de\/wp-content\/uploads\/2011\/09\/Logo-Stiftung-20081.bmp\"><img loading=\"lazy\" decoding=\"async\" class=\"aligncenter wp-image-516\" title=\"Logo Stiftung 2008\" src=\"http:\/\/www.erfahrungsfeld-schoen-und-gut.de\/wp-content\/uploads\/2011\/09\/Logo-Stiftung-20081.bmp\" alt=\"\" width=\"521\" height=\"131\" \/><\/a><\/h3>\n<p>&nbsp;<\/p>\n<h4><\/h4>\n<h4>Die Stiftungsidee &#8211; Geschichte:<\/h4>\n<p>Die Hoppmann Stiftung &#8222;Demokratie im Alltag&#8220; wurde 1974 von dem Siegerl\u00e4nder Unternehmer Klaus Hoppmann gegr\u00fcndet. Die Gr\u00fcndung war der letzte Schritt auf dem Wege der sozialen Reformen, die Hoppmann in seinem Unternehmen durchgef\u00fchrt hat.<\/p>\n<p><a href=\"http:\/\/www.erfahrungsfeld-schoen-und-gut.de\/wp-content\/uploads\/2011\/09\/5555_02X.jpg\"><img loading=\"lazy\" decoding=\"async\" class=\"alignnone size-thumbnail wp-image-1306\" src=\"http:\/\/www.erfahrungsfeld-schoen-und-gut.de\/wp-content\/uploads\/2011\/09\/5555_02X-150x150.jpg\" alt=\"Personen. Hoppmann Klaus\" width=\"150\" height=\"150\" \/><\/a><em> Klaus Hoppmann 2012 (geb. 26.06.1927, gest. 27.10.2013)<\/em><\/p>\n<p>Im Jahre 1957 hatte Klaus Hoppmann die Firma seines Vaters \u00fcbernommen, ein Kfz-Unternehmen mit heute rd. 650 Besch\u00e4ftigten an zehn Standorten. Damals entwickelte der junge Unternehmer weitreichende sozialethische Gedanken zur Betriebsdemokratie auf der Grundlage der Idee der sozialen Gerechtigkeit und der Freiheit des Einzelnen.<\/p>\n<h4>Jubil\u00e4um:<\/h4>\n<p><span style=\"color: #000000;\">Im Jahr 2024 feierte die Hoppmann Stiftung Demokratie im Alltag ihr 50-j\u00e4hriges Bestehen. <\/span>Zu diesem Anlass ist auch eine Festschrift entstanden, die sehr gerne &#8211; kostenlos &#8211; bei der untenstehenden Adresse angefragt werden kann.<\/p>\n<p>In der Siegener Zeitung erschien aus diesem Anlass am 29. Juni 2024 ein ausf\u00fchrlicher Artikel \u00fcber das Hoppmann-Modell &#8211;&gt; <a href=\"http:\/\/www.erfahrungsfeld-schoen-und-gut.de\/wp-content\/uploads\/2024\/12\/SZ-29-06-2024-Von-der-Firma-Hoppmann-zur-gemeinnuetzigen-Stiftung.pdf\">SZ 29 06 2024 Von der Firma Hoppmann zur gemeinn\u00fctzigen Stiftung<\/a><\/p>\n<h4>Das runde System:<\/h4>\n<p>1961 f\u00fchrte Klaus Hoppmann eine Gewinnbeteiligung f\u00fcr alle Mitarbeitenden ein, die fortlaufend weiterentwickelt wurde. Die H\u00e4lfte des verteilbaren Gewinns verbleibt im Unternehmen, die andere H\u00e4lfte wird zu gleichen (!) Teilen an alle Mitarbeitenden verteilt.<\/p>\n<p>1969 wurden im Unternehmen v\u00f6llig neue Formen der Mitbestimmung eingef\u00fchrt.\u00a0Der Wirtschaftsausschuss nach dem Betriebsverfassungsgesetz wurde rechtlich zum obersten Entscheidungs- und Kontrollorgan des Unternehmens entwickelt. Er ist parit\u00e4tisch mit F\u00fchrungskr\u00e4ften und Betriebsr\u00e4ten besetzt und trifft alle unternehmerischen Entscheidungen.<\/p>\n<p>Mitbestimmung am Arbeitsplatz wurde realisiert durch ein System von Arbeitsteams, das den Mitarbeitenden bei allen Entscheidungen Mitbestimmungsm\u00f6glichkeiten er\u00f6ffnet, von denen sie an ihrem jeweiligen Arbeitsplatz unmittelbar betroffen sind.<\/p>\n<p>1974 \u00e4nderte Klaus Hoppmann in letzter Konsequenz seines sozialethischen Denkens die Eigentumsverh\u00e4ltnisse. Er gr\u00fcndete die Stiftung &#8222;Demokratie im Alltag&#8220; und \u00fcbertrug ihr seine gesamten Firmenanteile. Die Stiftung ist seither die alleinige Gesellschafterin der Martin Hoppmann GmbH. Zugleich erm\u00f6glichte die gemeinn\u00fctzige Stiftung neue soziale Wirkungsm\u00f6glichkeiten nach au\u00dfen im Geiste des Stifters. Damit war ein gro\u00dfes Reformwerk abgeschlossen.<\/p>\n<p>Auch 50 Jahre nach der Einf\u00fchrung der ersten Gewinnbeteiligung ist das einzigartige Beteiligungsmodell doppelt erfolgreich: Auf der einen Seite \u00a0sind die wirtschaftlichen Ergebnisse und die Entwicklung der Hoppmann Autowelt durchweg positiv. Und auf der anderen Seite f\u00fchlt sich die Belegschaft bei ihrem Arbeitgeber &#8222;pudelwohl&#8220;. Regelm\u00e4\u00dfig durchgef\u00fchrte Mitarbeiterbefragungen zeigen ein konstant hohes Ma\u00df an Mitarbeiterzufriedenheit.<\/p>\n<p><a href=\"http:\/\/www.erfahrungsfeld-schoen-und-gut.de\/?attachment_id=1992\" rel=\"attachment wp-att-1992\"><img loading=\"lazy\" decoding=\"async\" class=\"alignnone wp-image-1992\" src=\"http:\/\/www.erfahrungsfeld-schoen-und-gut.de\/wp-content\/uploads\/2018\/07\/Hoppmann-Modell_Stand_2018-357x357-custom.png\" alt=\"\" width=\"357\" height=\"357\" \/><\/a><\/p>\n<p><span style=\"text-decoration: underline;\">Info-Flyer zur Hoppmann Stiftung:<\/span> <a href=\"http:\/\/www.erfahrungsfeld-schoen-und-gut.de\/wp-content\/uploads\/2018\/11\/Flyer-Stiftung-2019.pdf\">Hoppmann Stiftung Flyer 2018<\/a><\/p>\n<h4>Todesanzeige und Nachruf auf Klaus Hoppmann 2013:<\/h4>\n<p><a href=\"http:\/\/www.erfahrungsfeld-schoen-und-gut.de\/wp-content\/uploads\/2024\/03\/Todesanzeige-Klaus-Hoppmann-Oktober-2013.jpg\"><img loading=\"lazy\" decoding=\"async\" class=\"alignnone size-thumbnail wp-image-2282\" src=\"http:\/\/www.erfahrungsfeld-schoen-und-gut.de\/wp-content\/uploads\/2024\/03\/Todesanzeige-Klaus-Hoppmann-Oktober-2013-150x150.jpg\" alt=\"\" width=\"150\" height=\"150\" srcset=\"https:\/\/www.erfahrungsfeld-schoen-und-gut.de\/wp-content\/uploads\/2024\/03\/Todesanzeige-Klaus-Hoppmann-Oktober-2013-150x150.jpg 150w, https:\/\/www.erfahrungsfeld-schoen-und-gut.de\/wp-content\/uploads\/2024\/03\/Todesanzeige-Klaus-Hoppmann-Oktober-2013-144x144.jpg 144w\" sizes=\"auto, (max-width: 150px) 100vw, 150px\" \/><\/a><\/p>\n<h4><a href=\"http:\/\/www.erfahrungsfeld-schoen-und-gut.de\/wp-content\/uploads\/2024\/03\/Nachruf-Klaus-Hoppmann-Oktober-2013.jpg\"><img loading=\"lazy\" decoding=\"async\" class=\"alignnone size-thumbnail wp-image-2279\" src=\"http:\/\/www.erfahrungsfeld-schoen-und-gut.de\/wp-content\/uploads\/2024\/03\/Nachruf-Klaus-Hoppmann-Oktober-2013-150x150.jpg\" alt=\"\" width=\"150\" height=\"150\" srcset=\"https:\/\/www.erfahrungsfeld-schoen-und-gut.de\/wp-content\/uploads\/2024\/03\/Nachruf-Klaus-Hoppmann-Oktober-2013-150x150.jpg 150w, https:\/\/www.erfahrungsfeld-schoen-und-gut.de\/wp-content\/uploads\/2024\/03\/Nachruf-Klaus-Hoppmann-Oktober-2013-144x144.jpg 144w\" sizes=\"auto, (max-width: 150px) 100vw, 150px\" \/><\/a><\/h4>\n<h4>Weiterf\u00fchrende Informationen:<\/h4>\n<p>Hoppmann Stiftung &#8222;Demokratie im Alltag&#8220;<br \/>\nEiserfelder Stra\u00dfe 196<br \/>\n57072 Siegen<br \/>\nTel: (02 71) 3 18 22 94<\/p>\n<p><a title=\"Zur Webseite www.demokratie-ium-alltag.de\" href=\"http:\/\/www.demokratie-im-alltag.de\/\" target=\"_blank\" rel=\"noopener\">www.demokratie-im-alltag.de<\/a><\/p>\n","protected":false},"excerpt":{"rendered":"<p>&nbsp; Die Stiftungsidee &#8211; Geschichte: Die Hoppmann Stiftung &#8222;Demokratie im Alltag&#8220; wurde 1974 von dem Siegerl\u00e4nder Unternehmer Klaus Hoppmann gegr\u00fcndet. Die Gr\u00fcndung war der letzte Schritt auf dem Wege der sozialen Reformen, die Hoppmann in seinem Unternehmen durchgef\u00fchrt hat. Klaus &hellip; <a href=\"https:\/\/www.erfahrungsfeld-schoen-und-gut.de\/?page_id=17\">Weiterlesen <span class=\"meta-nav\">&rarr;<\/span><\/a><\/p>\n","protected":false},"author":1,"featured_media":0,"parent":0,"menu_order":0,"comment_status":"open","ping_status":"open","template":"","meta":{"footnotes":""},"class_list":["post-17","page","type-page","status-publish","hentry"],"_links":{"self":[{"href":"https:\/\/www.erfahrungsfeld-schoen-und-gut.de\/index.php?rest_route=\/wp\/v2\/pages\/17","targetHints":{"allow":["GET"]}}],"collection":[{"href":"https:\/\/www.erfahrungsfeld-schoen-und-gut.de\/index.php?rest_route=\/wp\/v2\/pages"}],"about":[{"href":"https:\/\/www.erfahrungsfeld-schoen-und-gut.de\/index.php?rest_route=\/wp\/v2\/types\/page"}],"author":[{"embeddable":true,"href":"https:\/\/www.erfahrungsfeld-schoen-und-gut.de\/index.php?rest_route=\/wp\/v2\/users\/1"}],"replies":[{"embeddable":true,"href":"https:\/\/www.erfahrungsfeld-schoen-und-gut.de\/index.php?rest_route=%2Fwp%2Fv2%2Fcomments&post=17"}],"version-history":[{"count":4,"href":"https:\/\/www.erfahrungsfeld-schoen-und-gut.de\/index.php?rest_route=\/wp\/v2\/pages\/17\/revisions"}],"predecessor-version":[{"id":2394,"href":"https:\/\/www.erfahrungsfeld-schoen-und-gut.de\/index.php?rest_route=\/wp\/v2\/pages\/17\/revisions\/2394"}],"wp:attachment":[{"href":"https:\/\/www.erfahrungsfeld-schoen-und-gut.de\/index.php?rest_route=%2Fwp%2Fv2%2Fmedia&parent=17"}],"curies":[{"name":"wp","href":"https:\/\/api.w.org\/{rel}","templated":true}]}}

<h3><a href="http://www.erfahrungsfeld-schoen-und-gut.de/wp-content/uploads/2011/09/Logo-Stiftung-20081.bmp"><img loading="lazy" decoding="async" class="aligncenter wp-image-516" title="Logo Stiftung 2008" src="http://www.erfahrungsfeld-schoen-und-gut.de/wp-content/uploads/2011/09/Logo-Stiftung-20081.bmp" alt="" width="521" height="131" /></a></h3>
<p>&nbsp;</p>
<h4></h4>
<h4>Die Stiftungsidee &#8211; Geschichte:</h4>
<p>Die Hoppmann Stiftung &#8222;Demokratie im Alltag&#8220; wurde 1974 von dem Siegerländer Unternehmer Klaus Hoppmann gegründet. Die Gründung war der letzte Schritt auf dem Wege der sozialen Reformen, die Hoppmann in seinem Unternehmen durchgeführt hat.</p>
<p><a href="http://www.erfahrungsfeld-schoen-und-gut.de/wp-content/uploads/2011/09/5555_02X.jpg"><img loading="lazy" decoding="async" class="alignnone size-thumbnail wp-image-1306" src="http://www.erfahrungsfeld-schoen-und-gut.de/wp-content/uploads/2011/09/5555_02X-150x150.jpg" alt="Personen. Hoppmann Klaus" width="150" height="150" /></a><em> Klaus Hoppmann 2012 (geb. 26.06.1927, gest. 27.10.2013)</em></p>
<p>Im Jahre 1957 hatte Klaus Hoppmann die Firma seines Vaters übernommen, ein Kfz-Unternehmen mit heute rd. 650 Beschäftigten an zehn Standorten. Damals entwickelte der junge Unternehmer weitreichende sozialethische Gedanken zur Betriebsdemokratie auf der Grundlage der Idee der sozialen Gerechtigkeit und der Freiheit des Einzelnen.</p>
<h4>Jubiläum:</h4>
<p><span style="color: #000000;">Im Jahr 2024 feierte die Hoppmann Stiftung Demokratie im Alltag ihr 50-jähriges Bestehen. </span>Zu diesem Anlass ist auch eine Festschrift entstanden, die sehr gerne &#8211; kostenlos &#8211; bei der untenstehenden Adresse angefragt werden kann.</p>
<p>In der Siegener Zeitung erschien aus diesem Anlass am 29. Juni 2024 ein ausführlicher Artikel über das Hoppmann-Modell &#8211;&gt; <a href="http://www.erfahrungsfeld-schoen-und-gut.de/wp-content/uploads/2024/12/SZ-29-06-2024-Von-der-Firma-Hoppmann-zur-gemeinnuetzigen-Stiftung.pdf">SZ 29 06 2024 Von der Firma Hoppmann zur gemeinnützigen Stiftung</a></p>
<h4>Das runde System:</h4>
<p>1961 führte Klaus Hoppmann eine Gewinnbeteiligung für alle Mitarbeitenden ein, die fortlaufend weiterentwickelt wurde. Die Hälfte des verteilbaren Gewinns verbleibt im Unternehmen, die andere Hälfte wird zu gleichen (!) Teilen an alle Mitarbeitenden verteilt.</p>
<p>1969 wurden im Unternehmen völlig neue Formen der Mitbestimmung eingeführt. Der Wirtschaftsausschuss nach dem Betriebsverfassungsgesetz wurde rechtlich zum obersten Entscheidungs- und Kontrollorgan des Unternehmens entwickelt. Er ist paritätisch mit Führungskräften und Betriebsräten besetzt und trifft alle unternehmerischen Entscheidungen.</p>
<p>Mitbestimmung am Arbeitsplatz wurde realisiert durch ein System von Arbeitsteams, das den Mitarbeitenden bei allen Entscheidungen Mitbestimmungsmöglichkeiten eröffnet, von denen sie an ihrem jeweiligen Arbeitsplatz unmittelbar betroffen sind.</p>
<p>1974 änderte Klaus Hoppmann in letzter Konsequenz seines sozialethischen Denkens die Eigentumsverhältnisse. Er gründete die Stiftung &#8222;Demokratie im Alltag&#8220; und übertrug ihr seine gesamten Firmenanteile. Die Stiftung ist seither die alleinige Gesellschafterin der Martin Hoppmann GmbH. Zugleich ermöglichte die gemeinnützige Stiftung neue soziale Wirkungsmöglichkeiten nach außen im Geiste des Stifters. Damit war ein großes Reformwerk abgeschlossen.</p>
<p>Auch 50 Jahre nach der Einführung der ersten Gewinnbeteiligung ist das einzigartige Beteiligungsmodell doppelt erfolgreich: Auf der einen Seite  sind die wirtschaftlichen Ergebnisse und die Entwicklung der Hoppmann Autowelt durchweg positiv. Und auf der anderen Seite fühlt sich die Belegschaft bei ihrem Arbeitgeber &#8222;pudelwohl&#8220;. Regelmäßig durchgeführte Mitarbeiterbefragungen zeigen ein konstant hohes Maß an Mitarbeiterzufriedenheit.</p>
<p><a href="http://www.erfahrungsfeld-schoen-und-gut.de/?attachment_id=1992" rel="attachment wp-att-1992"><img loading="lazy" decoding="async" class="alignnone wp-image-1992" src="http://www.erfahrungsfeld-schoen-und-gut.de/wp-content/uploads/2018/07/Hoppmann-Modell_Stand_2018-357x357-custom.png" alt="" width="357" height="357" /></a></p>
<p><span style="text-decoration: underline;">Info-Flyer zur Hoppmann Stiftung:</span> <a href="http://www.erfahrungsfeld-schoen-und-gut.de/wp-content/uploads/2018/11/Flyer-Stiftung-2019.pdf">Hoppmann Stiftung Flyer 2018</a></p>
<h4>Todesanzeige und Nachruf auf Klaus Hoppmann 2013:</h4>
<p><a href="http://www.erfahrungsfeld-schoen-und-gut.de/wp-content/uploads/2024/03/Todesanzeige-Klaus-Hoppmann-Oktober-2013.jpg"><img loading="lazy" decoding="async" class="alignnone size-thumbnail wp-image-2282" src="http://www.erfahrungsfeld-schoen-und-gut.de/wp-content/uploads/2024/03/Todesanzeige-Klaus-Hoppmann-Oktober-2013-150x150.jpg" alt="" width="150" height="150" srcset="https://www.erfahrungsfeld-schoen-und-gut.de/wp-content/uploads/2024/03/Todesanzeige-Klaus-Hoppmann-Oktober-2013-150x150.jpg 150w, https://www.erfahrungsfeld-schoen-und-gut.de/wp-content/uploads/2024/03/Todesanzeige-Klaus-Hoppmann-Oktober-2013-144x144.jpg 144w" sizes="auto, (max-width: 150px) 100vw, 150px" /></a></p>
<h4><a href="http://www.erfahrungsfeld-schoen-und-gut.de/wp-content/uploads/2024/03/Nachruf-Klaus-Hoppmann-Oktober-2013.jpg"><img loading="lazy" decoding="async" class="alignnone size-thumbnail wp-image-2279" src="http://www.erfahrungsfeld-schoen-und-gut.de/wp-content/uploads/2024/03/Nachruf-Klaus-Hoppmann-Oktober-2013-150x150.jpg" alt="" width="150" height="150" srcset="https://www.erfahrungsfeld-schoen-und-gut.de/wp-content/uploads/2024/03/Nachruf-Klaus-Hoppmann-Oktober-2013-150x150.jpg 150w, https://www.erfahrungsfeld-schoen-und-gut.de/wp-content/uploads/2024/03/Nachruf-Klaus-Hoppmann-Oktober-2013-144x144.jpg 144w" sizes="auto, (max-width: 150px) 100vw, 150px" /></a></h4>
<h4>Weiterführende Informationen:</h4>
<p>Hoppmann Stiftung &#8222;Demokratie im Alltag&#8220;<br />
Eiserfelder Straße 196<br />
57072 Siegen<br />
Tel: (02 71) 3 18 22 94</p>
<p><a title="Zur Webseite www.demokratie-ium-alltag.de" href="http://www.demokratie-im-alltag.de/" target="_blank" rel="noopener">www.demokratie-im-alltag.de</a></p>

<p>&nbsp; Die Stiftungsidee &#8211; Geschichte: Die Hoppmann Stiftung &#8222;Demokratie im Alltag&#8220; wurde 1974 von dem Siegerländer Unternehmer Klaus Hoppmann gegründet. Die Gründung war der letzte Schritt auf dem Wege der sozialen Reformen, die Hoppmann in seinem Unternehmen durchgeführt hat. Klaus &hellip; <a href="https://www.erfahrungsfeld-schoen-und-gut.de/?page_id=17">Weiterlesen <span class="meta-nav">&rarr;</span></a></p>
