{"id":144,"date":"2011-09-21T16:50:32","date_gmt":"2011-09-21T16:50:32","guid":{"rendered":"http:\/\/hype-media.de\/clients\/sug\/?page_id=144"},"modified":"2011-12-12T16:25:28","modified_gmt":"2011-12-12T16:25:28","slug":"strase-und-abbruch","status":"publish","type":"page","link":"https:\/\/www.erfahrungsfeld-schoen-und-gut.de\/?page_id=144","title":{"rendered":"Stra\u00dfe und Abbruch (2009)"},"content":{"rendered":"<p>Beim Spatenstich zum Stra\u00dfenbau wurde B\u00fcrgermeister Steffen Mues zum Potenzial des Projekts befragt. H\u00f6ren Sie hier, wie er sich am 20.05.2009 dazu \u00e4u\u00dferte:<\/p>\n<p><a href=\"http:\/\/www.erfahrungsfeld-schoen-und-gut.de\/wp-content\/uploads\/2011\/09\/2009-05-20-Steffen-Mues-zu-Sch\u00f6n-Gut-Radio-Siegen.mp3\">2009 05 20 Steffen Mues zu Sch\u00f6n &amp; Gut Radio Siegen<\/a><\/p>\n<p>An dieser Stelle ein <span style=\"color: #008000;\"><strong>ganz herzliches Dankesch\u00f6n<\/strong><\/span> an die <em>Siegener Versorgungsbetriebe (SVB)<\/em>, an den <em>Entsorgungsbetrieb der Stadt Siegen (ESi)<\/em> und an\u00a0<em>RWE<\/em>. Diese Drei haben sich bei der\u00a0Erschlie\u00dfung au\u00dferordentlich gro\u00dfz\u00fcgig gezeigt. Anderenfalls h\u00e4tte das Gesamtprojekt erst deutlich sp\u00e4ter realisiert werden k\u00f6nnen.<\/p>\n<p>Sehen Sie nachfolgend einige Impressionen der Erschlie\u00dfung und der Abbrucharbeiten:<\/p>\n<p>[nggallery id=6]<\/p>\n<p>&nbsp;<\/p>\n","protected":false},"excerpt":{"rendered":"<p>Beim Spatenstich zum Stra\u00dfenbau wurde B\u00fcrgermeister Steffen Mues zum Potenzial des Projekts befragt. H\u00f6ren Sie hier, wie er sich am 20.05.2009 dazu \u00e4u\u00dferte: 2009 05 20 Steffen Mues zu Sch\u00f6n &amp; Gut Radio Siegen An dieser Stelle ein ganz herzliches &hellip; <a href=\"https:\/\/www.erfahrungsfeld-schoen-und-gut.de\/?page_id=144\">Weiterlesen <span class=\"meta-nav\">&rarr;<\/span><\/a><\/p>\n","protected":false},"author":1,"featured_media":0,"parent":9,"menu_order":0,"comment_status":"open","ping_status":"open","template":"","meta":{"footnotes":""},"class_list":["post-144","page","type-page","status-publish","hentry"],"_links":{"self":[{"href":"https:\/\/www.erfahrungsfeld-schoen-und-gut.de\/index.php?rest_route=\/wp\/v2\/pages\/144","targetHints":{"allow":["GET"]}}],"collection":[{"href":"https:\/\/www.erfahrungsfeld-schoen-und-gut.de\/index.php?rest_route=\/wp\/v2\/pages"}],"about":[{"href":"https:\/\/www.erfahrungsfeld-schoen-und-gut.de\/index.php?rest_route=\/wp\/v2\/types\/page"}],"author":[{"embeddable":true,"href":"https:\/\/www.erfahrungsfeld-schoen-und-gut.de\/index.php?rest_route=\/wp\/v2\/users\/1"}],"replies":[{"embeddable":true,"href":"https:\/\/www.erfahrungsfeld-schoen-und-gut.de\/index.php?rest_route=%2Fwp%2Fv2%2Fcomments&post=144"}],"version-history":[{"count":5,"href":"https:\/\/www.erfahrungsfeld-schoen-und-gut.de\/index.php?rest_route=\/wp\/v2\/pages\/144\/revisions"}],"predecessor-version":[{"id":321,"href":"https:\/\/www.erfahrungsfeld-schoen-und-gut.de\/index.php?rest_route=\/wp\/v2\/pages\/144\/revisions\/321"}],"up":[{"embeddable":true,"href":"https:\/\/www.erfahrungsfeld-schoen-und-gut.de\/index.php?rest_route=\/wp\/v2\/pages\/9"}],"wp:attachment":[{"href":"https:\/\/www.erfahrungsfeld-schoen-und-gut.de\/index.php?rest_route=%2Fwp%2Fv2%2Fmedia&parent=144"}],"curies":[{"name":"wp","href":"https:\/\/api.w.org\/{rel}","templated":true}]}}

Straße und Abbruch (2009)

<p>Beim Spatenstich zum Straßenbau wurde Bürgermeister Steffen Mues zum Potenzial des Projekts befragt. Hören Sie hier, wie er sich am 20.05.2009 dazu äußerte:</p>
<p><a href="http://www.erfahrungsfeld-schoen-und-gut.de/wp-content/uploads/2011/09/2009-05-20-Steffen-Mues-zu-Schön-Gut-Radio-Siegen.mp3">2009 05 20 Steffen Mues zu Schön &amp; Gut Radio Siegen</a></p>
<p>An dieser Stelle ein <span style="color: #008000;"><strong>ganz herzliches Dankeschön</strong></span> an die <em>Siegener Versorgungsbetriebe (SVB)</em>, an den <em>Entsorgungsbetrieb der Stadt Siegen (ESi)</em> und an <em>RWE</em>. Diese Drei haben sich bei der Erschließung außerordentlich großzügig gezeigt. Anderenfalls hätte das Gesamtprojekt erst deutlich später realisiert werden können.</p>
<p>Sehen Sie nachfolgend einige Impressionen der Erschließung und der Abbrucharbeiten:</p>
<p>[nggallery id=6]</p>
<p>&nbsp;</p>

<p>Beim Spatenstich zum Straßenbau wurde Bürgermeister Steffen Mues zum Potenzial des Projekts befragt. Hören Sie hier, wie er sich am 20.05.2009 dazu äußerte: 2009 05 20 Steffen Mues zu Schön &amp; Gut Radio Siegen An dieser Stelle ein ganz herzliches &hellip; <a href="https://www.erfahrungsfeld-schoen-und-gut.de/?page_id=144">Weiterlesen <span class="meta-nav">&rarr;</span></a></p>
