{"id":1297,"date":"2013-11-13T08:07:36","date_gmt":"2013-11-13T08:07:36","guid":{"rendered":"http:\/\/www.erfahrungsfeld-schoen-und-gut.de\/?page_id=1297"},"modified":"2015-11-27T10:30:51","modified_gmt":"2015-11-27T10:30:51","slug":"open-air-buhne-ab-2013","status":"publish","type":"page","link":"https:\/\/www.erfahrungsfeld-schoen-und-gut.de\/?page_id=1297","title":{"rendered":"Open-Air-B\u00fchne (2013-2015)"},"content":{"rendered":"<p><strong>GESCHAFFT!!!<\/strong> Am 19. Juni wurde das neue Membrandach an der Open-Air-B\u00fchne installiert. Damit ist das Bauvorhaben abgeschlossen. Am 28. August fand die offizielle Einweihung und Er\u00f6ffnung der B\u00fchne im Rahmen eines feierlichen Festaktes statt.<\/p>\n<p><a href=\"http:\/\/www.erfahrungsfeld-schoen-und-gut.de\/wp-content\/uploads\/2015\/06\/2015-06-19-4.jpg\"><img loading=\"lazy\" decoding=\"async\" class=\"alignnone size-medium wp-image-1632\" src=\"http:\/\/www.erfahrungsfeld-schoen-und-gut.de\/wp-content\/uploads\/2015\/06\/2015-06-19-4-300x200.jpg\" alt=\"2015 06 19 (4)\" width=\"300\" height=\"200\" srcset=\"https:\/\/www.erfahrungsfeld-schoen-und-gut.de\/wp-content\/uploads\/2015\/06\/2015-06-19-4-300x200.jpg 300w, https:\/\/www.erfahrungsfeld-schoen-und-gut.de\/wp-content\/uploads\/2015\/06\/2015-06-19-4-1024x683.jpg 1024w, https:\/\/www.erfahrungsfeld-schoen-und-gut.de\/wp-content\/uploads\/2015\/06\/2015-06-19-4-450x300.jpg 450w\" sizes=\"auto, (max-width: 300px) 100vw, 300px\" \/><\/a>\u00a0 <a href=\"http:\/\/www.erfahrungsfeld-schoen-und-gut.de\/wp-content\/uploads\/2015\/06\/2015-06-19-17.jpg\"><img loading=\"lazy\" decoding=\"async\" class=\"alignnone size-medium wp-image-1633\" src=\"http:\/\/www.erfahrungsfeld-schoen-und-gut.de\/wp-content\/uploads\/2015\/06\/2015-06-19-17-300x200.jpg\" alt=\"2015 06 19 (17)\" width=\"300\" height=\"200\" srcset=\"https:\/\/www.erfahrungsfeld-schoen-und-gut.de\/wp-content\/uploads\/2015\/06\/2015-06-19-17-300x200.jpg 300w, https:\/\/www.erfahrungsfeld-schoen-und-gut.de\/wp-content\/uploads\/2015\/06\/2015-06-19-17-1024x683.jpg 1024w, https:\/\/www.erfahrungsfeld-schoen-und-gut.de\/wp-content\/uploads\/2015\/06\/2015-06-19-17-450x300.jpg 450w\" sizes=\"auto, (max-width: 300px) 100vw, 300px\" \/><\/a><\/p>\n<p><a href=\"http:\/\/www.erfahrungsfeld-schoen-und-gut.de\/wp-content\/uploads\/2013\/11\/IMG_0960.jpg\"><img loading=\"lazy\" decoding=\"async\" class=\"alignnone size-medium wp-image-1685\" src=\"http:\/\/www.erfahrungsfeld-schoen-und-gut.de\/wp-content\/uploads\/2013\/11\/IMG_0960-300x200.jpg\" alt=\"IMG_0960\" width=\"300\" height=\"200\" srcset=\"https:\/\/www.erfahrungsfeld-schoen-und-gut.de\/wp-content\/uploads\/2013\/11\/IMG_0960-300x200.jpg 300w, https:\/\/www.erfahrungsfeld-schoen-und-gut.de\/wp-content\/uploads\/2013\/11\/IMG_0960-1024x683.jpg 1024w, https:\/\/www.erfahrungsfeld-schoen-und-gut.de\/wp-content\/uploads\/2013\/11\/IMG_0960-450x300.jpg 450w\" sizes=\"auto, (max-width: 300px) 100vw, 300px\" \/><\/a>\u00a0 <a href=\"http:\/\/www.erfahrungsfeld-schoen-und-gut.de\/wp-content\/uploads\/2015\/09\/Er\u00f6ffnung_SCH\u00d6NUNDGUT-0006.jpg\"><img loading=\"lazy\" decoding=\"async\" class=\"alignnone size-medium wp-image-1709\" src=\"http:\/\/www.erfahrungsfeld-schoen-und-gut.de\/wp-content\/uploads\/2015\/09\/Er\u00f6ffnung_SCH\u00d6NUNDGUT-0006-300x238.jpg\" alt=\"Er\u00f6ffnung_SCH\u00d6NUNDGUT 0006\" width=\"300\" height=\"238\" srcset=\"https:\/\/www.erfahrungsfeld-schoen-und-gut.de\/wp-content\/uploads\/2015\/09\/Er\u00f6ffnung_SCH\u00d6NUNDGUT-0006-300x238.jpg 300w, https:\/\/www.erfahrungsfeld-schoen-und-gut.de\/wp-content\/uploads\/2015\/09\/Er\u00f6ffnung_SCH\u00d6NUNDGUT-0006-1024x813.jpg 1024w, https:\/\/www.erfahrungsfeld-schoen-und-gut.de\/wp-content\/uploads\/2015\/09\/Er\u00f6ffnung_SCH\u00d6NUNDGUT-0006-378x300.jpg 378w, https:\/\/www.erfahrungsfeld-schoen-und-gut.de\/wp-content\/uploads\/2015\/09\/Er\u00f6ffnung_SCH\u00d6NUNDGUT-0006-900x714.jpg 900w\" sizes=\"auto, (max-width: 300px) 100vw, 300px\" \/><\/a><\/p>\n<p>Die Open-Air-B\u00fchne ist im Grunde fertig. Es fehlt nur noch das Membrandach, das in K\u00fcrze (Juni 2015) noch installiert wird.<\/p>\n<p><a href=\"http:\/\/www.erfahrungsfeld-schoen-und-gut.de\/wp-content\/uploads\/2012\/01\/DSC_0676.jpg\"><img loading=\"lazy\" decoding=\"async\" class=\"alignnone size-thumbnail wp-image-1442\" src=\"http:\/\/www.erfahrungsfeld-schoen-und-gut.de\/wp-content\/uploads\/2012\/01\/DSC_0676-150x150.jpg\" alt=\"DSC_0676\" width=\"150\" height=\"150\" \/><\/a>\u00a0 <a href=\"http:\/\/www.erfahrungsfeld-schoen-und-gut.de\/wp-content\/uploads\/2015\/01\/DSC_0675.jpg\"><img loading=\"lazy\" decoding=\"async\" class=\"alignnone size-thumbnail wp-image-1478\" src=\"http:\/\/www.erfahrungsfeld-schoen-und-gut.de\/wp-content\/uploads\/2015\/01\/DSC_0675-150x150.jpg\" alt=\"DSC_0675\" width=\"150\" height=\"150\" \/><\/a>\u00a0 <a href=\"http:\/\/www.erfahrungsfeld-schoen-und-gut.de\/wp-content\/uploads\/2015\/05\/DSC_2212.jpg\"><img loading=\"lazy\" decoding=\"async\" class=\"alignnone size-thumbnail wp-image-1570\" src=\"http:\/\/www.erfahrungsfeld-schoen-und-gut.de\/wp-content\/uploads\/2015\/05\/DSC_2212-150x150.jpg\" alt=\"DSC_2212\" width=\"150\" height=\"150\" \/><\/a><\/p>\n<p>Winterliche Impressionen:<\/p>\n<p><a href=\"http:\/\/www.erfahrungsfeld-schoen-und-gut.de\/wp-content\/uploads\/2015\/01\/DSC_0983.jpg\"><img loading=\"lazy\" decoding=\"async\" class=\"alignnone size-thumbnail wp-image-1457\" src=\"http:\/\/www.erfahrungsfeld-schoen-und-gut.de\/wp-content\/uploads\/2015\/01\/DSC_0983-150x150.jpg\" alt=\"DSC_0983\" width=\"150\" height=\"150\" \/><\/a>\u00a0 <a href=\"http:\/\/www.erfahrungsfeld-schoen-und-gut.de\/wp-content\/uploads\/2015\/01\/DSC_0978.jpg\"><img loading=\"lazy\" decoding=\"async\" class=\"alignnone size-thumbnail wp-image-1456\" src=\"http:\/\/www.erfahrungsfeld-schoen-und-gut.de\/wp-content\/uploads\/2015\/01\/DSC_0978-150x150.jpg\" alt=\"DSC_0978\" width=\"150\" height=\"150\" \/><\/a><\/p>\n<p>&#8212;&#8212;&#8212;&#8212;&#8212;&#8212;&#8212;&#8212;&#8212;&#8212;&#8212;&#8212;&#8212;&#8212;&#8212;&#8212;&#8212;&#8212;&#8212;&#8212;&#8212;&#8212;&#8212;&#8212;&#8212;&#8212;&#8211;<\/p>\n<p>Die Fertigstellung ist in 2015 geplant. Am Entwurf des Architekten kann man aber schon sehen, wie es mal werden soll:<\/p>\n<p><a href=\"http:\/\/www.erfahrungsfeld-schoen-und-gut.de\/wp-content\/uploads\/2014\/08\/Open-Air-B\u00fchne-Entwurf.jpg\"><img loading=\"lazy\" decoding=\"async\" class=\"alignnone size-full wp-image-1395\" src=\"http:\/\/www.erfahrungsfeld-schoen-und-gut.de\/wp-content\/uploads\/2014\/08\/Open-Air-B\u00fchne-Entwurf.jpg\" alt=\"Open Air B\u00fchne Entwurf\" width=\"555\" height=\"303\" srcset=\"https:\/\/www.erfahrungsfeld-schoen-und-gut.de\/wp-content\/uploads\/2014\/08\/Open-Air-B\u00fchne-Entwurf.jpg 555w, https:\/\/www.erfahrungsfeld-schoen-und-gut.de\/wp-content\/uploads\/2014\/08\/Open-Air-B\u00fchne-Entwurf-300x163.jpg 300w, https:\/\/www.erfahrungsfeld-schoen-und-gut.de\/wp-content\/uploads\/2014\/08\/Open-Air-B\u00fchne-Entwurf-500x272.jpg 500w\" sizes=\"auto, (max-width: 555px) 100vw, 555px\" \/><\/a><\/p>\n","protected":false},"excerpt":{"rendered":"<p>GESCHAFFT!!! Am 19. Juni wurde das neue Membrandach an der Open-Air-B\u00fchne installiert. Damit ist das Bauvorhaben abgeschlossen. Am 28. August fand die offizielle Einweihung und Er\u00f6ffnung der B\u00fchne im Rahmen eines feierlichen Festaktes statt. \u00a0 \u00a0 Die Open-Air-B\u00fchne ist im &hellip; <a href=\"https:\/\/www.erfahrungsfeld-schoen-und-gut.de\/?page_id=1297\">Weiterlesen <span class=\"meta-nav\">&rarr;<\/span><\/a><\/p>\n","protected":false},"author":2,"featured_media":0,"parent":9,"menu_order":0,"comment_status":"open","ping_status":"closed","template":"","meta":{"footnotes":""},"class_list":["post-1297","page","type-page","status-publish","hentry"],"_links":{"self":[{"href":"https:\/\/www.erfahrungsfeld-schoen-und-gut.de\/index.php?rest_route=\/wp\/v2\/pages\/1297","targetHints":{"allow":["GET"]}}],"collection":[{"href":"https:\/\/www.erfahrungsfeld-schoen-und-gut.de\/index.php?rest_route=\/wp\/v2\/pages"}],"about":[{"href":"https:\/\/www.erfahrungsfeld-schoen-und-gut.de\/index.php?rest_route=\/wp\/v2\/types\/page"}],"author":[{"embeddable":true,"href":"https:\/\/www.erfahrungsfeld-schoen-und-gut.de\/index.php?rest_route=\/wp\/v2\/users\/2"}],"replies":[{"embeddable":true,"href":"https:\/\/www.erfahrungsfeld-schoen-und-gut.de\/index.php?rest_route=%2Fwp%2Fv2%2Fcomments&post=1297"}],"version-history":[{"count":5,"href":"https:\/\/www.erfahrungsfeld-schoen-und-gut.de\/index.php?rest_route=\/wp\/v2\/pages\/1297\/revisions"}],"predecessor-version":[{"id":1782,"href":"https:\/\/www.erfahrungsfeld-schoen-und-gut.de\/index.php?rest_route=\/wp\/v2\/pages\/1297\/revisions\/1782"}],"up":[{"embeddable":true,"href":"https:\/\/www.erfahrungsfeld-schoen-und-gut.de\/index.php?rest_route=\/wp\/v2\/pages\/9"}],"wp:attachment":[{"href":"https:\/\/www.erfahrungsfeld-schoen-und-gut.de\/index.php?rest_route=%2Fwp%2Fv2%2Fmedia&parent=1297"}],"curies":[{"name":"wp","href":"https:\/\/api.w.org\/{rel}","templated":true}]}}

Open-Air-Bühne (2013-2015)

<p><strong>GESCHAFFT!!!</strong> Am 19. Juni wurde das neue Membrandach an der Open-Air-Bühne installiert. Damit ist das Bauvorhaben abgeschlossen. Am 28. August fand die offizielle Einweihung und Eröffnung der Bühne im Rahmen eines feierlichen Festaktes statt.</p>
<p><a href="http://www.erfahrungsfeld-schoen-und-gut.de/wp-content/uploads/2015/06/2015-06-19-4.jpg"><img loading="lazy" decoding="async" class="alignnone size-medium wp-image-1632" src="http://www.erfahrungsfeld-schoen-und-gut.de/wp-content/uploads/2015/06/2015-06-19-4-300x200.jpg" alt="2015 06 19 (4)" width="300" height="200" srcset="https://www.erfahrungsfeld-schoen-und-gut.de/wp-content/uploads/2015/06/2015-06-19-4-300x200.jpg 300w, https://www.erfahrungsfeld-schoen-und-gut.de/wp-content/uploads/2015/06/2015-06-19-4-1024x683.jpg 1024w, https://www.erfahrungsfeld-schoen-und-gut.de/wp-content/uploads/2015/06/2015-06-19-4-450x300.jpg 450w" sizes="auto, (max-width: 300px) 100vw, 300px" /></a>  <a href="http://www.erfahrungsfeld-schoen-und-gut.de/wp-content/uploads/2015/06/2015-06-19-17.jpg"><img loading="lazy" decoding="async" class="alignnone size-medium wp-image-1633" src="http://www.erfahrungsfeld-schoen-und-gut.de/wp-content/uploads/2015/06/2015-06-19-17-300x200.jpg" alt="2015 06 19 (17)" width="300" height="200" srcset="https://www.erfahrungsfeld-schoen-und-gut.de/wp-content/uploads/2015/06/2015-06-19-17-300x200.jpg 300w, https://www.erfahrungsfeld-schoen-und-gut.de/wp-content/uploads/2015/06/2015-06-19-17-1024x683.jpg 1024w, https://www.erfahrungsfeld-schoen-und-gut.de/wp-content/uploads/2015/06/2015-06-19-17-450x300.jpg 450w" sizes="auto, (max-width: 300px) 100vw, 300px" /></a></p>
<p><a href="http://www.erfahrungsfeld-schoen-und-gut.de/wp-content/uploads/2013/11/IMG_0960.jpg"><img loading="lazy" decoding="async" class="alignnone size-medium wp-image-1685" src="http://www.erfahrungsfeld-schoen-und-gut.de/wp-content/uploads/2013/11/IMG_0960-300x200.jpg" alt="IMG_0960" width="300" height="200" srcset="https://www.erfahrungsfeld-schoen-und-gut.de/wp-content/uploads/2013/11/IMG_0960-300x200.jpg 300w, https://www.erfahrungsfeld-schoen-und-gut.de/wp-content/uploads/2013/11/IMG_0960-1024x683.jpg 1024w, https://www.erfahrungsfeld-schoen-und-gut.de/wp-content/uploads/2013/11/IMG_0960-450x300.jpg 450w" sizes="auto, (max-width: 300px) 100vw, 300px" /></a>  <a href="http://www.erfahrungsfeld-schoen-und-gut.de/wp-content/uploads/2015/09/Eröffnung_SCHÖNUNDGUT-0006.jpg"><img loading="lazy" decoding="async" class="alignnone size-medium wp-image-1709" src="http://www.erfahrungsfeld-schoen-und-gut.de/wp-content/uploads/2015/09/Eröffnung_SCHÖNUNDGUT-0006-300x238.jpg" alt="Eröffnung_SCHÖNUNDGUT 0006" width="300" height="238" srcset="https://www.erfahrungsfeld-schoen-und-gut.de/wp-content/uploads/2015/09/Eröffnung_SCHÖNUNDGUT-0006-300x238.jpg 300w, https://www.erfahrungsfeld-schoen-und-gut.de/wp-content/uploads/2015/09/Eröffnung_SCHÖNUNDGUT-0006-1024x813.jpg 1024w, https://www.erfahrungsfeld-schoen-und-gut.de/wp-content/uploads/2015/09/Eröffnung_SCHÖNUNDGUT-0006-378x300.jpg 378w, https://www.erfahrungsfeld-schoen-und-gut.de/wp-content/uploads/2015/09/Eröffnung_SCHÖNUNDGUT-0006-900x714.jpg 900w" sizes="auto, (max-width: 300px) 100vw, 300px" /></a></p>
<p>Die Open-Air-Bühne ist im Grunde fertig. Es fehlt nur noch das Membrandach, das in Kürze (Juni 2015) noch installiert wird.</p>
<p><a href="http://www.erfahrungsfeld-schoen-und-gut.de/wp-content/uploads/2012/01/DSC_0676.jpg"><img loading="lazy" decoding="async" class="alignnone size-thumbnail wp-image-1442" src="http://www.erfahrungsfeld-schoen-und-gut.de/wp-content/uploads/2012/01/DSC_0676-150x150.jpg" alt="DSC_0676" width="150" height="150" /></a>  <a href="http://www.erfahrungsfeld-schoen-und-gut.de/wp-content/uploads/2015/01/DSC_0675.jpg"><img loading="lazy" decoding="async" class="alignnone size-thumbnail wp-image-1478" src="http://www.erfahrungsfeld-schoen-und-gut.de/wp-content/uploads/2015/01/DSC_0675-150x150.jpg" alt="DSC_0675" width="150" height="150" /></a>  <a href="http://www.erfahrungsfeld-schoen-und-gut.de/wp-content/uploads/2015/05/DSC_2212.jpg"><img loading="lazy" decoding="async" class="alignnone size-thumbnail wp-image-1570" src="http://www.erfahrungsfeld-schoen-und-gut.de/wp-content/uploads/2015/05/DSC_2212-150x150.jpg" alt="DSC_2212" width="150" height="150" /></a></p>
<p>Winterliche Impressionen:</p>
<p><a href="http://www.erfahrungsfeld-schoen-und-gut.de/wp-content/uploads/2015/01/DSC_0983.jpg"><img loading="lazy" decoding="async" class="alignnone size-thumbnail wp-image-1457" src="http://www.erfahrungsfeld-schoen-und-gut.de/wp-content/uploads/2015/01/DSC_0983-150x150.jpg" alt="DSC_0983" width="150" height="150" /></a>  <a href="http://www.erfahrungsfeld-schoen-und-gut.de/wp-content/uploads/2015/01/DSC_0978.jpg"><img loading="lazy" decoding="async" class="alignnone size-thumbnail wp-image-1456" src="http://www.erfahrungsfeld-schoen-und-gut.de/wp-content/uploads/2015/01/DSC_0978-150x150.jpg" alt="DSC_0978" width="150" height="150" /></a></p>
<p>&#8212;&#8212;&#8212;&#8212;&#8212;&#8212;&#8212;&#8212;&#8212;&#8212;&#8212;&#8212;&#8212;&#8212;&#8212;&#8212;&#8212;&#8212;&#8212;&#8212;&#8212;&#8212;&#8212;&#8212;&#8212;&#8212;&#8211;</p>
<p>Die Fertigstellung ist in 2015 geplant. Am Entwurf des Architekten kann man aber schon sehen, wie es mal werden soll:</p>
<p><a href="http://www.erfahrungsfeld-schoen-und-gut.de/wp-content/uploads/2014/08/Open-Air-Bühne-Entwurf.jpg"><img loading="lazy" decoding="async" class="alignnone size-full wp-image-1395" src="http://www.erfahrungsfeld-schoen-und-gut.de/wp-content/uploads/2014/08/Open-Air-Bühne-Entwurf.jpg" alt="Open Air Bühne Entwurf" width="555" height="303" srcset="https://www.erfahrungsfeld-schoen-und-gut.de/wp-content/uploads/2014/08/Open-Air-Bühne-Entwurf.jpg 555w, https://www.erfahrungsfeld-schoen-und-gut.de/wp-content/uploads/2014/08/Open-Air-Bühne-Entwurf-300x163.jpg 300w, https://www.erfahrungsfeld-schoen-und-gut.de/wp-content/uploads/2014/08/Open-Air-Bühne-Entwurf-500x272.jpg 500w" sizes="auto, (max-width: 555px) 100vw, 555px" /></a></p>

<p>GESCHAFFT!!! Am 19. Juni wurde das neue Membrandach an der Open-Air-Bühne installiert. Damit ist das Bauvorhaben abgeschlossen. Am 28. August fand die offizielle Einweihung und Eröffnung der Bühne im Rahmen eines feierlichen Festaktes statt.     Die Open-Air-Bühne ist im &hellip; <a href="https://www.erfahrungsfeld-schoen-und-gut.de/?page_id=1297">Weiterlesen <span class="meta-nav">&rarr;</span></a></p>
