{"id":183,"date":"2011-09-22T07:56:11","date_gmt":"2011-09-22T07:56:11","guid":{"rendered":"http:\/\/hype-media.de\/clients\/sug\/projektgalerie\/werkhaus\/freigelande"},"modified":"2015-05-13T15:30:19","modified_gmt":"2015-05-13T15:30:19","slug":"freigelande","status":"publish","type":"page","link":"http:\/\/www.erfahrungsfeld-schoen-und-gut.de\/?page_id=183","title":{"rendered":"Freigel\u00e4nde (ab 2011)"},"content":{"rendered":"<h3>M\u00e4rz 2015<\/h3>\n<p>Als Vorbereitung zur Anlage eines Fu\u00dfwegs \u00fcber das Gel\u00e4nde wurden weite Teile der bis dato verbliebenen Schussw\u00e4lle abgetragen oder moduliert. Das Erscheinungsbild des Gel\u00e4ndes wird nochmals stark ver\u00e4ndert.<\/p>\n<p><a href=\"http:\/\/www.erfahrungsfeld-schoen-und-gut.de\/wp-content\/uploads\/2011\/09\/Pan_1-4.jpg\"><img loading=\"lazy\" decoding=\"async\" class=\"alignnone size-large wp-image-1574\" src=\"http:\/\/www.erfahrungsfeld-schoen-und-gut.de\/wp-content\/uploads\/2011\/09\/Pan_1-4-1024x308.jpg\" alt=\"Pan_1 (4)\" width=\"584\" height=\"176\" srcset=\"http:\/\/www.erfahrungsfeld-schoen-und-gut.de\/wp-content\/uploads\/2011\/09\/Pan_1-4-1024x308.jpg 1024w, http:\/\/www.erfahrungsfeld-schoen-und-gut.de\/wp-content\/uploads\/2011\/09\/Pan_1-4-300x90.jpg 300w, http:\/\/www.erfahrungsfeld-schoen-und-gut.de\/wp-content\/uploads\/2011\/09\/Pan_1-4-500x150.jpg 500w, http:\/\/www.erfahrungsfeld-schoen-und-gut.de\/wp-content\/uploads\/2011\/09\/Pan_1-4.jpg 1280w\" sizes=\"auto, (max-width: 584px) 100vw, 584px\" \/><\/a><\/p>\n<p><a href=\"http:\/\/www.erfahrungsfeld-schoen-und-gut.de\/wp-content\/uploads\/2011\/09\/Pan_2-4.jpg\"><img loading=\"lazy\" decoding=\"async\" class=\"alignnone size-large wp-image-1572\" src=\"http:\/\/www.erfahrungsfeld-schoen-und-gut.de\/wp-content\/uploads\/2011\/09\/Pan_2-4-1024x203.jpg\" alt=\"Pan_2 (4)\" width=\"584\" height=\"116\" srcset=\"http:\/\/www.erfahrungsfeld-schoen-und-gut.de\/wp-content\/uploads\/2011\/09\/Pan_2-4-1024x203.jpg 1024w, http:\/\/www.erfahrungsfeld-schoen-und-gut.de\/wp-content\/uploads\/2011\/09\/Pan_2-4-300x60.jpg 300w, http:\/\/www.erfahrungsfeld-schoen-und-gut.de\/wp-content\/uploads\/2011\/09\/Pan_2-4-500x99.jpg 500w, http:\/\/www.erfahrungsfeld-schoen-und-gut.de\/wp-content\/uploads\/2011\/09\/Pan_2-4.jpg 1280w\" sizes=\"auto, (max-width: 584px) 100vw, 584px\" \/><\/a><\/p>\n<h3>Mitte Juni 2013<\/h3>\n<p>Die gro\u00dfe Pflanzaktion ist abgeschlossen. Nun sorgen g\u00fcnstige Wetterbedingungen (warm, aber auch mal Regen) daf\u00fcr, dass alle Pflanzen pr\u00e4chtig gedeihen. Und das Areal der Fest-\/Spiel<span style=\"text-decoration: underline;\">wiese<\/span> verdient nun auch seinen Namen.<\/p>\n<p><a href=\"http:\/\/www.erfahrungsfeld-schoen-und-gut.de\/wp-content\/uploads\/2013\/06\/2013-06-14-001.jpg\"><img loading=\"lazy\" decoding=\"async\" class=\"alignnone size-medium wp-image-1173\" src=\"http:\/\/www.erfahrungsfeld-schoen-und-gut.de\/wp-content\/uploads\/2013\/06\/2013-06-14-001-300x200.jpg\" alt=\"2013 06 14 001\" width=\"300\" height=\"200\" srcset=\"http:\/\/www.erfahrungsfeld-schoen-und-gut.de\/wp-content\/uploads\/2013\/06\/2013-06-14-001-300x200.jpg 300w, http:\/\/www.erfahrungsfeld-schoen-und-gut.de\/wp-content\/uploads\/2013\/06\/2013-06-14-001-1024x682.jpg 1024w, http:\/\/www.erfahrungsfeld-schoen-und-gut.de\/wp-content\/uploads\/2013\/06\/2013-06-14-001-450x300.jpg 450w\" sizes=\"auto, (max-width: 300px) 100vw, 300px\" \/><\/a>\u00a0 <a href=\"http:\/\/www.erfahrungsfeld-schoen-und-gut.de\/wp-content\/uploads\/2013\/06\/Festwiese-2013-06-22.jpg\"><img loading=\"lazy\" decoding=\"async\" class=\"alignnone size-medium wp-image-1202\" src=\"http:\/\/www.erfahrungsfeld-schoen-und-gut.de\/wp-content\/uploads\/2013\/06\/Festwiese-2013-06-22-300x200.jpg\" alt=\"Festwiese 2013 06 22\" width=\"300\" height=\"200\" srcset=\"http:\/\/www.erfahrungsfeld-schoen-und-gut.de\/wp-content\/uploads\/2013\/06\/Festwiese-2013-06-22-300x200.jpg 300w, http:\/\/www.erfahrungsfeld-schoen-und-gut.de\/wp-content\/uploads\/2013\/06\/Festwiese-2013-06-22-1024x682.jpg 1024w, http:\/\/www.erfahrungsfeld-schoen-und-gut.de\/wp-content\/uploads\/2013\/06\/Festwiese-2013-06-22-450x300.jpg 450w\" sizes=\"auto, (max-width: 300px) 100vw, 300px\" \/><\/a><\/p>\n<p><a href=\"http:\/\/www.erfahrungsfeld-schoen-und-gut.de\/wp-content\/uploads\/2013\/06\/Terassen-2013-06-22-03.jpg\"><img loading=\"lazy\" decoding=\"async\" class=\"alignnone size-medium wp-image-1207\" src=\"http:\/\/www.erfahrungsfeld-schoen-und-gut.de\/wp-content\/uploads\/2013\/06\/Terassen-2013-06-22-03-300x200.jpg\" alt=\"Terassen 2013 06 22 03\" width=\"300\" height=\"200\" srcset=\"http:\/\/www.erfahrungsfeld-schoen-und-gut.de\/wp-content\/uploads\/2013\/06\/Terassen-2013-06-22-03-300x200.jpg 300w, http:\/\/www.erfahrungsfeld-schoen-und-gut.de\/wp-content\/uploads\/2013\/06\/Terassen-2013-06-22-03-1024x682.jpg 1024w, http:\/\/www.erfahrungsfeld-schoen-und-gut.de\/wp-content\/uploads\/2013\/06\/Terassen-2013-06-22-03-450x300.jpg 450w\" sizes=\"auto, (max-width: 300px) 100vw, 300px\" \/><\/a>\u00a0 <a href=\"http:\/\/www.erfahrungsfeld-schoen-und-gut.de\/wp-content\/uploads\/2013\/06\/Terassen-2013-06-22-01.jpg\"><img loading=\"lazy\" decoding=\"async\" class=\"alignnone size-medium wp-image-1204\" src=\"http:\/\/www.erfahrungsfeld-schoen-und-gut.de\/wp-content\/uploads\/2013\/06\/Terassen-2013-06-22-01-300x200.jpg\" alt=\"Terassen 2013 06 22 01\" width=\"300\" height=\"200\" srcset=\"http:\/\/www.erfahrungsfeld-schoen-und-gut.de\/wp-content\/uploads\/2013\/06\/Terassen-2013-06-22-01-300x200.jpg 300w, http:\/\/www.erfahrungsfeld-schoen-und-gut.de\/wp-content\/uploads\/2013\/06\/Terassen-2013-06-22-01-1024x682.jpg 1024w, http:\/\/www.erfahrungsfeld-schoen-und-gut.de\/wp-content\/uploads\/2013\/06\/Terassen-2013-06-22-01-450x300.jpg 450w\" sizes=\"auto, (max-width: 300px) 100vw, 300px\" \/><\/a><\/p>\n<h3>Mai 2013<\/h3>\n<p>Endlich ist der Fr\u00fchling da &#8211; nun geht es an die Gestaltung des\u00a0<strong>Grillterrassenareals<\/strong>. Zahlreiche Pflanzen, vom kleinen Kraut bis zum ausgewachsenen Baum, stehen schon bereit.<\/p>\n<p><a href=\"http:\/\/www.erfahrungsfeld-schoen-und-gut.de\/wp-content\/uploads\/2013\/05\/Freiraumarbeiten-2013-04-29-01.jpg\"><img loading=\"lazy\" decoding=\"async\" src=\"http:\/\/www.erfahrungsfeld-schoen-und-gut.de\/wp-content\/uploads\/2013\/05\/Freiraumarbeiten-2013-04-29-01-300x200.jpg\" alt=\"Freiraumarbeiten 2013 04 29 (01)\" width=\"300\" height=\"200\" \/><\/a><\/p>\n<p>In einem Zeitraum von ca. 3-4 Wochen werden alle Pflanzen eingesetzt, \u00fcbrigens auch rund um die Eingangsskulptur<strong>.\u00a0<\/strong>Dem allerersten B\u00e4umchen (s. links unten) sind innerhalb kurzer Zeit schon viele weitere gefolgt. Es dauert nicht mehr lange, dann werden die hier bereits verteilten Grassamen die h\u00fcgelige Landschaft mit einem\u00a0satten Gr\u00fcnton \u00fcberziehen.<\/p>\n<p><a href=\"http:\/\/www.erfahrungsfeld-schoen-und-gut.de\/wp-content\/uploads\/2013\/05\/Freiraumarbeiten-2013-04-29-04.jpg\"><img loading=\"lazy\" decoding=\"async\" src=\"http:\/\/www.erfahrungsfeld-schoen-und-gut.de\/wp-content\/uploads\/2013\/05\/Freiraumarbeiten-2013-04-29-04-300x200.jpg\" alt=\"Freiraumarbeiten 2013 04 29 (04)\" width=\"300\" height=\"200\" \/><\/a>\u00a0\u00a0<a href=\"http:\/\/www.erfahrungsfeld-schoen-und-gut.de\/wp-content\/uploads\/2013\/05\/DSC09156-klein.jpg\"><img loading=\"lazy\" decoding=\"async\" src=\"http:\/\/www.erfahrungsfeld-schoen-und-gut.de\/wp-content\/uploads\/2013\/05\/DSC09156-klein-300x225.jpg\" alt=\"DSC09156 klein\" width=\"300\" height=\"225\" \/><\/a><\/p>\n<p>Gleichzeitig geht der Bau der\u00a0<strong>Trockenmauern<\/strong>\u00a0z\u00fcgig voran. Zwei Teilnehmer aus der Jugendwerkstatt k\u00f6nnen als Praktikanten bei dem ausf\u00fchrenden Unternehmen mitmachen und Erfahrungen sammeln. Die Handschrift der Profis ist schon sehr deutlich zu erkennen.<\/p>\n<p><a href=\"http:\/\/www.erfahrungsfeld-schoen-und-gut.de\/wp-content\/uploads\/2013\/05\/Freiraumarbeiten-2013-04-29-05.jpg\"><img loading=\"lazy\" decoding=\"async\" src=\"http:\/\/www.erfahrungsfeld-schoen-und-gut.de\/wp-content\/uploads\/2013\/05\/Freiraumarbeiten-2013-04-29-05-300x200.jpg\" alt=\"Freiraumarbeiten 2013 04 29 (05)\" width=\"300\" height=\"200\" \/><\/a>\u00a0\u00a0<a href=\"http:\/\/www.erfahrungsfeld-schoen-und-gut.de\/wp-content\/uploads\/2013\/05\/DSC09169-klein.jpg\"><img loading=\"lazy\" decoding=\"async\" src=\"http:\/\/www.erfahrungsfeld-schoen-und-gut.de\/wp-content\/uploads\/2013\/05\/DSC09169-klein-300x225.jpg\" alt=\"DSC09169 klein\" width=\"300\" height=\"225\" \/><\/a><\/p>\n<p>Nach den Eisheiligen Mitte Mai 2013 wird auch die\u00a0<strong>Festwiese<\/strong>\u00a0ergr\u00fcnen. Mehr als 70 (!) LKW-Ladungen mit Mutterboden wurden angeliefert und auf der fu\u00dfballplatzgro\u00dfen Fl\u00e4che verteilt. Vorher &#8211; nachher:<\/p>\n<p><a href=\"http:\/\/www.erfahrungsfeld-schoen-und-gut.de\/wp-content\/uploads\/2013\/05\/SUG-04.jpg\"><img loading=\"lazy\" decoding=\"async\" src=\"http:\/\/www.erfahrungsfeld-schoen-und-gut.de\/wp-content\/uploads\/2013\/05\/SUG-04-300x200.jpg\" alt=\"SUG 04\" width=\"300\" height=\"200\" \/><\/a>\u00a0\u00a0<a href=\"http:\/\/www.erfahrungsfeld-schoen-und-gut.de\/wp-content\/uploads\/2013\/05\/SUG-05.jpg\"><img loading=\"lazy\" decoding=\"async\" src=\"http:\/\/www.erfahrungsfeld-schoen-und-gut.de\/wp-content\/uploads\/2013\/05\/SUG-05-300x200.jpg\" alt=\"SUG 05\" width=\"300\" height=\"200\" \/><\/a><\/p>\n<h3>Juli 2012<\/h3>\n<p>P\u00fcnktlich zu den Kinder-Gro\u00dfveranstaltungen in den Sommerferien sind die Freiraumarbeiten so gut wie erledigt. Der Bereich<strong> Festwiese<\/strong> ist fertig, allerdings wird der Grassamen erst sp\u00e4ter aufgebracht. Der <strong>Boden rund ums Werkhaus<\/strong> ist bereitet, auch <strong>Treppen und Mauern<\/strong> sind gesetzt. Die Arbeiten am\u00a0<strong>L\u00f6schteich\/Biotop<\/strong>\u00a0wurden ebenfalls abgeschlossen. Am 6. Juli \u00a0wurde der L\u00f6schteich mit Hilfe der lokalen Feuerwehr gef\u00fcllt. Das Fassungsverm\u00f6gen betr\u00e4gt mehr als 300.000 Liter. Auch die grobe Modulierung bzw.\u00a0<strong>Terrassierung im Bereich der zuk\u00fcnftigen Grillinseln <\/strong>ist erfolgt, so dass die Jugendwerkstatt in K\u00fcrze damit beginnen kann, diese Fl\u00e4che zu bepflanzen und Trockenmauern zu errichten.<\/p>\n<p>[singlepic id=245 w=320 h=240 float=none]<\/p>\n<p>Weitere Fotos zum aktuellen Stand finden Sie in der Projektgalerie unter &#8222;Freigel\u00e4nde&#8220;.<\/p>\n<h3>Oktober 2011<\/h3>\n<p>Parallel zur Errichtung der Eingangsskulptur (s. Details unter &#8222;Projektgalerie&#8220;) haben derzeit wieder die Bagger das Gel\u00e4nde in Beschlag genommen.<\/p>\n<p><a title=\"\" href=\"http:\/\/www.erfahrungsfeld-schoen-und-gut.de\/wp-content\/gallery\/freigelande_1\/dsc04178_0.jpg\"><img decoding=\"async\" src=\"http:\/\/www.erfahrungsfeld-schoen-und-gut.de\/wp-content\/gallery\/freigelande_1\/thumbs\/thumbs_dsc04178_0.jpg\" alt=\"dsc04178_0\" \/><\/a><\/p>\n<p>Rund um das fast fertige Werkhaus werden seit 20.10.2011 viele tausend Kubikmeter Erde bewegt.<\/p>\n<p>Die Ziele dieses Bauabschnitts sind:<\/p>\n<p><em>a) Fl\u00e4che rund um das Werkhaus freir\u00e4umen,\u00a0begradigen und\u00a0befestigen;<\/em><\/p>\n<p><a title=\"\" href=\"http:\/\/www.erfahrungsfeld-schoen-und-gut.de\/wp-content\/gallery\/freigelande_1\/dsc04144.jpg\"><img decoding=\"async\" src=\"http:\/\/www.erfahrungsfeld-schoen-und-gut.de\/wp-content\/gallery\/freigelande_1\/thumbs\/thumbs_dsc04144.jpg\" alt=\"dsc04144\" \/><\/a><\/p>\n<p><em>b) Fl\u00e4che zwischen Werkhaus und der k\u00fcnftigen Open-Air-B\u00fchne planieren und befestigen;<\/em><\/p>\n<p><a title=\"\" href=\"http:\/\/www.erfahrungsfeld-schoen-und-gut.de\/wp-content\/gallery\/freigelande_1\/dsc04173.jpg\"><img decoding=\"async\" src=\"http:\/\/www.erfahrungsfeld-schoen-und-gut.de\/wp-content\/gallery\/freigelande_1\/thumbs\/thumbs_dsc04173.jpg\" alt=\"dsc04173\" \/><\/a>\u00a0\u00a0 <a title=\"\" href=\"http:\/\/www.erfahrungsfeld-schoen-und-gut.de\/wp-content\/gallery\/freigelande_1\/dsc04175.jpg\"><img decoding=\"async\" src=\"http:\/\/www.erfahrungsfeld-schoen-und-gut.de\/wp-content\/gallery\/freigelande_1\/thumbs\/thumbs_dsc04175.jpg\" alt=\"dsc04175\" \/><\/a><\/p>\n<p><em>c) Anlage einer Fest-\/Spielwiese (mit Drainage)<\/em><\/p>\n<p><em>d) Anlage eines Wasserbiotops (mit L\u00f6schteichfunktion f\u00fcr das Werkhaus)<\/em><\/p>\n<p><em>e) Terrassierung eines Gel\u00e4ndeabschnitt (vor der Anlage von rd. zehn Grillinseln)<\/em><\/p>\n<p><a title=\"\" href=\"http:\/\/www.erfahrungsfeld-schoen-und-gut.de\/wp-content\/gallery\/freigelande_1\/dsc04148.jpg\"><img decoding=\"async\" src=\"http:\/\/www.erfahrungsfeld-schoen-und-gut.de\/wp-content\/gallery\/freigelande_1\/thumbs\/thumbs_dsc04148.jpg\" alt=\"dsc04148\" \/><\/a><\/p>\n<p><strong>Kurios:<\/strong> Bei den Erdarbeiten wurde ganz in der N\u00e4he des neuen Werkhauses ein aus den 1950-er Jahren stammendes Auto &#8222;ausgebuddelt&#8220;.<\/p>\n<p><a title=\"\" href=\"http:\/\/www.erfahrungsfeld-schoen-und-gut.de\/wp-content\/gallery\/freigelande_1\/dsc04171.jpg\"><img decoding=\"async\" src=\"http:\/\/www.erfahrungsfeld-schoen-und-gut.de\/wp-content\/gallery\/freigelande_1\/thumbs\/thumbs_dsc04171.jpg\" alt=\"dsc04171\" \/><\/a>\u00a0\u00a0 <a title=\"\" href=\"http:\/\/www.erfahrungsfeld-schoen-und-gut.de\/wp-content\/gallery\/freigelande_1\/dsc04172.jpg\"><img decoding=\"async\" src=\"http:\/\/www.erfahrungsfeld-schoen-und-gut.de\/wp-content\/gallery\/freigelande_1\/thumbs\/thumbs_dsc04172.jpg\" alt=\"dsc04172\" \/><\/a><\/p>\n<p>Die Vermutung liegt nahe, dass es die fr\u00fcheren Nutzer des Gel\u00e4ndes &#8222;elegant beseitigt&#8220; haben. N\u00e4here Untersuchungen ergaben, dass der uralte Mercedes problemlos entsorgt werden kann und dass zum Gl\u00fcck auch keine Bodenverunreinigungen entstanden sind.<\/p>\n","protected":false},"excerpt":{"rendered":"<p>M\u00e4rz 2015 Als Vorbereitung zur Anlage eines Fu\u00dfwegs \u00fcber das Gel\u00e4nde wurden weite Teile der bis dato verbliebenen Schussw\u00e4lle abgetragen oder moduliert. Das Erscheinungsbild des Gel\u00e4ndes wird nochmals stark ver\u00e4ndert. Mitte Juni 2013 Die gro\u00dfe Pflanzaktion ist abgeschlossen. Nun sorgen &hellip; <a href=\"http:\/\/www.erfahrungsfeld-schoen-und-gut.de\/?page_id=183\">Weiterlesen <span class=\"meta-nav\">&rarr;<\/span><\/a><\/p>\n","protected":false},"author":1,"featured_media":0,"parent":9,"menu_order":0,"comment_status":"closed","ping_status":"closed","template":"","meta":{"footnotes":""},"class_list":["post-183","page","type-page","status-publish","hentry"],"_links":{"self":[{"href":"http:\/\/www.erfahrungsfeld-schoen-und-gut.de\/index.php?rest_route=\/wp\/v2\/pages\/183","targetHints":{"allow":["GET"]}}],"collection":[{"href":"http:\/\/www.erfahrungsfeld-schoen-und-gut.de\/index.php?rest_route=\/wp\/v2\/pages"}],"about":[{"href":"http:\/\/www.erfahrungsfeld-schoen-und-gut.de\/index.php?rest_route=\/wp\/v2\/types\/page"}],"author":[{"embeddable":true,"href":"http:\/\/www.erfahrungsfeld-schoen-und-gut.de\/index.php?rest_route=\/wp\/v2\/users\/1"}],"replies":[{"embeddable":true,"href":"http:\/\/www.erfahrungsfeld-schoen-und-gut.de\/index.php?rest_route=%2Fwp%2Fv2%2Fcomments&post=183"}],"version-history":[{"count":5,"href":"http:\/\/www.erfahrungsfeld-schoen-und-gut.de\/index.php?rest_route=\/wp\/v2\/pages\/183\/revisions"}],"predecessor-version":[{"id":1575,"href":"http:\/\/www.erfahrungsfeld-schoen-und-gut.de\/index.php?rest_route=\/wp\/v2\/pages\/183\/revisions\/1575"}],"up":[{"embeddable":true,"href":"http:\/\/www.erfahrungsfeld-schoen-und-gut.de\/index.php?rest_route=\/wp\/v2\/pages\/9"}],"wp:attachment":[{"href":"http:\/\/www.erfahrungsfeld-schoen-und-gut.de\/index.php?rest_route=%2Fwp%2Fv2%2Fmedia&parent=183"}],"curies":[{"name":"wp","href":"https:\/\/api.w.org\/{rel}","templated":true}]}}