{"id":146,"date":"2011-09-21T16:50:47","date_gmt":"2011-09-21T16:50:47","guid":{"rendered":"http:\/\/hype-media.de\/clients\/sug\/?page_id=146"},"modified":"2015-01-19T16:42:10","modified_gmt":"2015-01-19T16:42:10","slug":"werkhaus","status":"publish","type":"page","link":"http:\/\/www.erfahrungsfeld-schoen-und-gut.de\/?page_id=146","title":{"rendered":"Werkhaus (2010-2011)"},"content":{"rendered":"<p>Mai 2013:<\/p>\n<p><a href=\"http:\/\/www.erfahrungsfeld-schoen-und-gut.de\/wp-content\/uploads\/2013\/05\/DSC_0486.jpg\"><img loading=\"lazy\" decoding=\"async\" class=\"alignnone size-medium wp-image-1133\" src=\"http:\/\/www.erfahrungsfeld-schoen-und-gut.de\/wp-content\/uploads\/2013\/05\/DSC_0486-300x200.jpg\" alt=\"DSC_0486\" width=\"300\" height=\"200\" srcset=\"http:\/\/www.erfahrungsfeld-schoen-und-gut.de\/wp-content\/uploads\/2013\/05\/DSC_0486-300x200.jpg 300w, http:\/\/www.erfahrungsfeld-schoen-und-gut.de\/wp-content\/uploads\/2013\/05\/DSC_0486-1024x682.jpg 1024w, http:\/\/www.erfahrungsfeld-schoen-und-gut.de\/wp-content\/uploads\/2013\/05\/DSC_0486-450x300.jpg 450w\" sizes=\"auto, (max-width: 300px) 100vw, 300px\" \/><\/a>\u00a0 <a href=\"http:\/\/www.erfahrungsfeld-schoen-und-gut.de\/wp-content\/uploads\/2015\/01\/DSC_0746.jpg\"><img loading=\"lazy\" decoding=\"async\" class=\"alignnone size-medium wp-image-1458\" src=\"http:\/\/www.erfahrungsfeld-schoen-und-gut.de\/wp-content\/uploads\/2015\/01\/DSC_0746-300x200.jpg\" alt=\"DSC_0746\" width=\"300\" height=\"200\" srcset=\"http:\/\/www.erfahrungsfeld-schoen-und-gut.de\/wp-content\/uploads\/2015\/01\/DSC_0746-300x200.jpg 300w, http:\/\/www.erfahrungsfeld-schoen-und-gut.de\/wp-content\/uploads\/2015\/01\/DSC_0746-1024x683.jpg 1024w, http:\/\/www.erfahrungsfeld-schoen-und-gut.de\/wp-content\/uploads\/2015\/01\/DSC_0746-450x300.jpg 450w\" sizes=\"auto, (max-width: 300px) 100vw, 300px\" \/><\/a><\/p>\n<p>Die Hoppmann Stiftung ist mit dem fertigen Haus sehr zufrieden. Auch die Besucher des Gel\u00e4ndes reagieren auf die besondere Architektur (&#8222;schr\u00e4gstes Haus in Siegen&#8220;) sehr positiv.<\/p>\n<p>Seit Anfang 2012 ist die Jugendwerkstatt im Werkhaus untergebracht.<\/p>\n<p>Noch im M\u00e4rz 2012 (s.u.) glich die Umgebung noch sehr einer Baustelle.<\/p>\n<p><a href=\"http:\/\/www.erfahrungsfeld-schoen-und-gut.de\/wp-content\/uploads\/2011\/09\/Werkhaus-2012-03-01.jpg\"><img loading=\"lazy\" decoding=\"async\" class=\"alignnone size-medium wp-image-902\" title=\"Werkhaus 2012 03 01\" src=\"http:\/\/www.erfahrungsfeld-schoen-und-gut.de\/wp-content\/uploads\/2011\/09\/Werkhaus-2012-03-01-300x225.jpg\" alt=\"\" width=\"300\" height=\"225\" srcset=\"http:\/\/www.erfahrungsfeld-schoen-und-gut.de\/wp-content\/uploads\/2011\/09\/Werkhaus-2012-03-01-300x225.jpg 300w, http:\/\/www.erfahrungsfeld-schoen-und-gut.de\/wp-content\/uploads\/2011\/09\/Werkhaus-2012-03-01-1024x768.jpg 1024w, http:\/\/www.erfahrungsfeld-schoen-und-gut.de\/wp-content\/uploads\/2011\/09\/Werkhaus-2012-03-01-400x300.jpg 400w\" sizes=\"auto, (max-width: 300px) 100vw, 300px\" \/><\/a><\/p>\n<p>Das erste gr\u00f6\u00dfere Bauprojekt mit arbeitslosen Jugendlichen wurde im November 2010 begonnen. Folgender Entwurf des Architekturb\u00fcros Klaus Beck aus Bielefeld lag f\u00fcr das <strong>Werkhaus<\/strong> zugrunde:<\/p>\n<p><a href=\"http:\/\/www.erfahrungsfeld-schoen-und-gut.de\/wp-content\/uploads\/2011\/09\/haus11.jpg\"><img loading=\"lazy\" decoding=\"async\" class=\"alignleft size-full wp-image-189\" title=\"haus\" src=\"http:\/\/www.erfahrungsfeld-schoen-und-gut.de\/wp-content\/uploads\/2011\/09\/haus11.jpg\" alt=\"\" width=\"142\" height=\"72\" \/><\/a>\u00a0 \u00a0<a href=\"http:\/\/www.erfahrungsfeld-schoen-und-gut.de\/wp-content\/uploads\/2011\/09\/haus21.jpg\">\u00a0<img loading=\"lazy\" decoding=\"async\" class=\"alignleft size-full wp-image-191\" title=\"haus2\" src=\"http:\/\/www.erfahrungsfeld-schoen-und-gut.de\/wp-content\/uploads\/2011\/09\/haus21.jpg\" alt=\"\" width=\"142\" height=\"73\" \/><\/a><\/p>\n<p>&nbsp;<\/p>\n<p>&nbsp;<\/p>\n<p>F\u00fcnf junge Menschen arbeiteten mit einem Zimmermeister daran, das \u201eWerkhaus\u201c zu errichten, das quasi als Basisstation fungiert und von dem aus die weitere Erschlie\u00dfung des Gel\u00e4ndes erfolgt. Bevor jedoch die Baufl\u00e4che genutzt werden konnte, mussten zun\u00e4chst mittels schweren Ger\u00e4tes die \u00dcberreste der belgischen Liegenschaft abgerissen, <strong>Anschl\u00fcsse<\/strong> verlegt und eine <strong>Zufahrtsstra\u00dfe<\/strong> angeschlossen werden (weitere Fotos unter Chronologie).<\/p>\n<p>Nach einer mehrw\u00f6chigen Unterbrechung im Winter 2010\/11 konnte am 24. M\u00e4rz 2011 das <strong>Richtfest<\/strong> des Werkhauses gefeiert werden, zu dem rund 80 geladene G\u00e4ste erschienen.<\/p>\n<p><a href=\"http:\/\/www.erfahrungsfeld-schoen-und-gut.de\/wp-content\/uploads\/2011\/09\/haus31.jpg\"><img loading=\"lazy\" decoding=\"async\" class=\"alignleft size-full wp-image-192\" title=\"haus3\" src=\"http:\/\/www.erfahrungsfeld-schoen-und-gut.de\/wp-content\/uploads\/2011\/09\/haus31.jpg\" alt=\"\" width=\"210\" height=\"140\" \/><\/a><\/p>\n<p>&nbsp;<\/p>\n<p>&nbsp;<\/p>\n<p>&nbsp;<\/p>\n<p>&nbsp;<\/p>\n<p>Gemeinsame Bauherren des Werkhauses sind die Stadt Siegen und Hoppmann Stiftung. Als Festredner traten der Stiftungsvorsitzende <strong>Wolfgang Belitz <\/strong>und Stadtr\u00e4tin<strong> Babette Bammann<\/strong> auf.<\/p>\n<p><a href=\"http:\/\/www.erfahrungsfeld-schoen-und-gut.de\/wp-content\/uploads\/2011\/09\/haus41.jpg\"><img loading=\"lazy\" decoding=\"async\" class=\"alignleft size-full wp-image-193\" title=\"haus4\" src=\"http:\/\/www.erfahrungsfeld-schoen-und-gut.de\/wp-content\/uploads\/2011\/09\/haus41.jpg\" alt=\"\" width=\"170\" height=\"96\" \/><\/a><\/p>\n<p>&nbsp;<\/p>\n<p>&nbsp;<\/p>\n<p>&nbsp;<\/p>\n<p>Gegen\u00fcber Radio Siegen \u00e4u\u00dferte sich Frau Bammann anschlie\u00dfend noch wie folgt:<\/p>\n<p><a href=\"http:\/\/www.erfahrungsfeld-schoen-und-gut.de\/wp-content\/uploads\/2011\/09\/2011-03-24-Babette-Bammann-w\u00e4hrend-des-Richtfestes.mp3\">2011 03 24 Babette Bammann w\u00e4hrend des Richtfestes<\/a><\/p>\n<p>Die Fertigstellung des Geb\u00e4udes in Holzst\u00e4nderbauweise wurde plangem\u00e4\u00df im Mai abgeschlossen. Als i-T\u00fcpfelchen der Au\u00dfenverkleidung wurden im August 2011 zwei W\u00e4nde mit 21 Corten-Stahlplatten versehen \u2013 ein <strong>optisches Highlight!<\/strong><\/p>\n<p><a href=\"http:\/\/www.erfahrungsfeld-schoen-und-gut.de\/wp-content\/uploads\/2011\/09\/Werkhaus.jpg\"><img loading=\"lazy\" decoding=\"async\" class=\"alignnone size-medium wp-image-896\" title=\"Werkhaus\" src=\"http:\/\/www.erfahrungsfeld-schoen-und-gut.de\/wp-content\/uploads\/2011\/09\/Werkhaus-300x225.jpg\" alt=\"\" width=\"300\" height=\"225\" srcset=\"http:\/\/www.erfahrungsfeld-schoen-und-gut.de\/wp-content\/uploads\/2011\/09\/Werkhaus-300x225.jpg 300w, http:\/\/www.erfahrungsfeld-schoen-und-gut.de\/wp-content\/uploads\/2011\/09\/Werkhaus-1024x768.jpg 1024w, http:\/\/www.erfahrungsfeld-schoen-und-gut.de\/wp-content\/uploads\/2011\/09\/Werkhaus-400x300.jpg 400w\" sizes=\"auto, (max-width: 300px) 100vw, 300px\" \/><\/a><\/p>\n<p><a href=\"http:\/\/www.erfahrungsfeld-schoen-und-gut.de\/wp-content\/uploads\/2012\/08\/Werkhaus-Werkstattbereich.jpg\"><img loading=\"lazy\" decoding=\"async\" class=\"alignnone size-medium wp-image-898\" title=\"Werkhaus Werkstattbereich\" src=\"http:\/\/www.erfahrungsfeld-schoen-und-gut.de\/wp-content\/uploads\/2012\/08\/Werkhaus-Werkstattbereich-300x225.jpg\" alt=\"\" width=\"300\" height=\"225\" srcset=\"http:\/\/www.erfahrungsfeld-schoen-und-gut.de\/wp-content\/uploads\/2012\/08\/Werkhaus-Werkstattbereich-300x225.jpg 300w, http:\/\/www.erfahrungsfeld-schoen-und-gut.de\/wp-content\/uploads\/2012\/08\/Werkhaus-Werkstattbereich-1024x768.jpg 1024w, http:\/\/www.erfahrungsfeld-schoen-und-gut.de\/wp-content\/uploads\/2012\/08\/Werkhaus-Werkstattbereich-400x300.jpg 400w\" sizes=\"auto, (max-width: 300px) 100vw, 300px\" \/><\/a><\/p>\n<p>&nbsp;<\/p>\n<p>[nggallery id=4]<\/p>\n","protected":false},"excerpt":{"rendered":"<p>Mai 2013: \u00a0 Die Hoppmann Stiftung ist mit dem fertigen Haus sehr zufrieden. Auch die Besucher des Gel\u00e4ndes reagieren auf die besondere Architektur (&#8222;schr\u00e4gstes Haus in Siegen&#8220;) sehr positiv. Seit Anfang 2012 ist die Jugendwerkstatt im Werkhaus untergebracht. Noch im &hellip; <a href=\"http:\/\/www.erfahrungsfeld-schoen-und-gut.de\/?page_id=146\">Weiterlesen <span class=\"meta-nav\">&rarr;<\/span><\/a><\/p>\n","protected":false},"author":1,"featured_media":0,"parent":9,"menu_order":0,"comment_status":"open","ping_status":"open","template":"","meta":{"footnotes":""},"class_list":["post-146","page","type-page","status-publish","hentry"],"_links":{"self":[{"href":"http:\/\/www.erfahrungsfeld-schoen-und-gut.de\/index.php?rest_route=\/wp\/v2\/pages\/146","targetHints":{"allow":["GET"]}}],"collection":[{"href":"http:\/\/www.erfahrungsfeld-schoen-und-gut.de\/index.php?rest_route=\/wp\/v2\/pages"}],"about":[{"href":"http:\/\/www.erfahrungsfeld-schoen-und-gut.de\/index.php?rest_route=\/wp\/v2\/types\/page"}],"author":[{"embeddable":true,"href":"http:\/\/www.erfahrungsfeld-schoen-und-gut.de\/index.php?rest_route=\/wp\/v2\/users\/1"}],"replies":[{"embeddable":true,"href":"http:\/\/www.erfahrungsfeld-schoen-und-gut.de\/index.php?rest_route=%2Fwp%2Fv2%2Fcomments&post=146"}],"version-history":[{"count":5,"href":"http:\/\/www.erfahrungsfeld-schoen-und-gut.de\/index.php?rest_route=\/wp\/v2\/pages\/146\/revisions"}],"predecessor-version":[{"id":1483,"href":"http:\/\/www.erfahrungsfeld-schoen-und-gut.de\/index.php?rest_route=\/wp\/v2\/pages\/146\/revisions\/1483"}],"up":[{"embeddable":true,"href":"http:\/\/www.erfahrungsfeld-schoen-und-gut.de\/index.php?rest_route=\/wp\/v2\/pages\/9"}],"wp:attachment":[{"href":"http:\/\/www.erfahrungsfeld-schoen-und-gut.de\/index.php?rest_route=%2Fwp%2Fv2%2Fmedia&parent=146"}],"curies":[{"name":"wp","href":"https:\/\/api.w.org\/{rel}","templated":true}]}}

<p>Mai 2013:</p>
<p><a href="http://www.erfahrungsfeld-schoen-und-gut.de/wp-content/uploads/2013/05/DSC_0486.jpg"><img loading="lazy" decoding="async" class="alignnone size-medium wp-image-1133" src="http://www.erfahrungsfeld-schoen-und-gut.de/wp-content/uploads/2013/05/DSC_0486-300x200.jpg" alt="DSC_0486" width="300" height="200" srcset="http://www.erfahrungsfeld-schoen-und-gut.de/wp-content/uploads/2013/05/DSC_0486-300x200.jpg 300w, http://www.erfahrungsfeld-schoen-und-gut.de/wp-content/uploads/2013/05/DSC_0486-1024x682.jpg 1024w, http://www.erfahrungsfeld-schoen-und-gut.de/wp-content/uploads/2013/05/DSC_0486-450x300.jpg 450w" sizes="auto, (max-width: 300px) 100vw, 300px" /></a>  <a href="http://www.erfahrungsfeld-schoen-und-gut.de/wp-content/uploads/2015/01/DSC_0746.jpg"><img loading="lazy" decoding="async" class="alignnone size-medium wp-image-1458" src="http://www.erfahrungsfeld-schoen-und-gut.de/wp-content/uploads/2015/01/DSC_0746-300x200.jpg" alt="DSC_0746" width="300" height="200" srcset="http://www.erfahrungsfeld-schoen-und-gut.de/wp-content/uploads/2015/01/DSC_0746-300x200.jpg 300w, http://www.erfahrungsfeld-schoen-und-gut.de/wp-content/uploads/2015/01/DSC_0746-1024x683.jpg 1024w, http://www.erfahrungsfeld-schoen-und-gut.de/wp-content/uploads/2015/01/DSC_0746-450x300.jpg 450w" sizes="auto, (max-width: 300px) 100vw, 300px" /></a></p>
<p>Die Hoppmann Stiftung ist mit dem fertigen Haus sehr zufrieden. Auch die Besucher des Geländes reagieren auf die besondere Architektur (&#8222;schrägstes Haus in Siegen&#8220;) sehr positiv.</p>
<p>Seit Anfang 2012 ist die Jugendwerkstatt im Werkhaus untergebracht.</p>
<p>Noch im März 2012 (s.u.) glich die Umgebung noch sehr einer Baustelle.</p>
<p><a href="http://www.erfahrungsfeld-schoen-und-gut.de/wp-content/uploads/2011/09/Werkhaus-2012-03-01.jpg"><img loading="lazy" decoding="async" class="alignnone size-medium wp-image-902" title="Werkhaus 2012 03 01" src="http://www.erfahrungsfeld-schoen-und-gut.de/wp-content/uploads/2011/09/Werkhaus-2012-03-01-300x225.jpg" alt="" width="300" height="225" srcset="http://www.erfahrungsfeld-schoen-und-gut.de/wp-content/uploads/2011/09/Werkhaus-2012-03-01-300x225.jpg 300w, http://www.erfahrungsfeld-schoen-und-gut.de/wp-content/uploads/2011/09/Werkhaus-2012-03-01-1024x768.jpg 1024w, http://www.erfahrungsfeld-schoen-und-gut.de/wp-content/uploads/2011/09/Werkhaus-2012-03-01-400x300.jpg 400w" sizes="auto, (max-width: 300px) 100vw, 300px" /></a></p>
<p>Das erste größere Bauprojekt mit arbeitslosen Jugendlichen wurde im November 2010 begonnen. Folgender Entwurf des Architekturbüros Klaus Beck aus Bielefeld lag für das <strong>Werkhaus</strong> zugrunde:</p>
<p><a href="http://www.erfahrungsfeld-schoen-und-gut.de/wp-content/uploads/2011/09/haus11.jpg"><img loading="lazy" decoding="async" class="alignleft size-full wp-image-189" title="haus" src="http://www.erfahrungsfeld-schoen-und-gut.de/wp-content/uploads/2011/09/haus11.jpg" alt="" width="142" height="72" /></a>   <a href="http://www.erfahrungsfeld-schoen-und-gut.de/wp-content/uploads/2011/09/haus21.jpg"> <img loading="lazy" decoding="async" class="alignleft size-full wp-image-191" title="haus2" src="http://www.erfahrungsfeld-schoen-und-gut.de/wp-content/uploads/2011/09/haus21.jpg" alt="" width="142" height="73" /></a></p>
<p>&nbsp;</p>
<p>&nbsp;</p>
<p>Fünf junge Menschen arbeiteten mit einem Zimmermeister daran, das „Werkhaus“ zu errichten, das quasi als Basisstation fungiert und von dem aus die weitere Erschließung des Geländes erfolgt. Bevor jedoch die Baufläche genutzt werden konnte, mussten zunächst mittels schweren Gerätes die Überreste der belgischen Liegenschaft abgerissen, <strong>Anschlüsse</strong> verlegt und eine <strong>Zufahrtsstraße</strong> angeschlossen werden (weitere Fotos unter Chronologie).</p>
<p>Nach einer mehrwöchigen Unterbrechung im Winter 2010/11 konnte am 24. März 2011 das <strong>Richtfest</strong> des Werkhauses gefeiert werden, zu dem rund 80 geladene Gäste erschienen.</p>
<p><a href="http://www.erfahrungsfeld-schoen-und-gut.de/wp-content/uploads/2011/09/haus31.jpg"><img loading="lazy" decoding="async" class="alignleft size-full wp-image-192" title="haus3" src="http://www.erfahrungsfeld-schoen-und-gut.de/wp-content/uploads/2011/09/haus31.jpg" alt="" width="210" height="140" /></a></p>
<p>&nbsp;</p>
<p>&nbsp;</p>
<p>&nbsp;</p>
<p>&nbsp;</p>
<p>Gemeinsame Bauherren des Werkhauses sind die Stadt Siegen und Hoppmann Stiftung. Als Festredner traten der Stiftungsvorsitzende <strong>Wolfgang Belitz </strong>und Stadträtin<strong> Babette Bammann</strong> auf.</p>
<p><a href="http://www.erfahrungsfeld-schoen-und-gut.de/wp-content/uploads/2011/09/haus41.jpg"><img loading="lazy" decoding="async" class="alignleft size-full wp-image-193" title="haus4" src="http://www.erfahrungsfeld-schoen-und-gut.de/wp-content/uploads/2011/09/haus41.jpg" alt="" width="170" height="96" /></a></p>
<p>&nbsp;</p>
<p>&nbsp;</p>
<p>&nbsp;</p>
<p>Gegenüber Radio Siegen äußerte sich Frau Bammann anschließend noch wie folgt:</p>
<p><a href="http://www.erfahrungsfeld-schoen-und-gut.de/wp-content/uploads/2011/09/2011-03-24-Babette-Bammann-während-des-Richtfestes.mp3">2011 03 24 Babette Bammann während des Richtfestes</a></p>
<p>Die Fertigstellung des Gebäudes in Holzständerbauweise wurde plangemäß im Mai abgeschlossen. Als i-Tüpfelchen der Außenverkleidung wurden im August 2011 zwei Wände mit 21 Corten-Stahlplatten versehen – ein <strong>optisches Highlight!</strong></p>
<p><a href="http://www.erfahrungsfeld-schoen-und-gut.de/wp-content/uploads/2011/09/Werkhaus.jpg"><img loading="lazy" decoding="async" class="alignnone size-medium wp-image-896" title="Werkhaus" src="http://www.erfahrungsfeld-schoen-und-gut.de/wp-content/uploads/2011/09/Werkhaus-300x225.jpg" alt="" width="300" height="225" srcset="http://www.erfahrungsfeld-schoen-und-gut.de/wp-content/uploads/2011/09/Werkhaus-300x225.jpg 300w, http://www.erfahrungsfeld-schoen-und-gut.de/wp-content/uploads/2011/09/Werkhaus-1024x768.jpg 1024w, http://www.erfahrungsfeld-schoen-und-gut.de/wp-content/uploads/2011/09/Werkhaus-400x300.jpg 400w" sizes="auto, (max-width: 300px) 100vw, 300px" /></a></p>
<p><a href="http://www.erfahrungsfeld-schoen-und-gut.de/wp-content/uploads/2012/08/Werkhaus-Werkstattbereich.jpg"><img loading="lazy" decoding="async" class="alignnone size-medium wp-image-898" title="Werkhaus Werkstattbereich" src="http://www.erfahrungsfeld-schoen-und-gut.de/wp-content/uploads/2012/08/Werkhaus-Werkstattbereich-300x225.jpg" alt="" width="300" height="225" srcset="http://www.erfahrungsfeld-schoen-und-gut.de/wp-content/uploads/2012/08/Werkhaus-Werkstattbereich-300x225.jpg 300w, http://www.erfahrungsfeld-schoen-und-gut.de/wp-content/uploads/2012/08/Werkhaus-Werkstattbereich-1024x768.jpg 1024w, http://www.erfahrungsfeld-schoen-und-gut.de/wp-content/uploads/2012/08/Werkhaus-Werkstattbereich-400x300.jpg 400w" sizes="auto, (max-width: 300px) 100vw, 300px" /></a></p>
<p>&nbsp;</p>
<p>[nggallery id=4]</p>

<p>Mai 2013:   Die Hoppmann Stiftung ist mit dem fertigen Haus sehr zufrieden. Auch die Besucher des Geländes reagieren auf die besondere Architektur (&#8222;schrägstes Haus in Siegen&#8220;) sehr positiv. Seit Anfang 2012 ist die Jugendwerkstatt im Werkhaus untergebracht. Noch im &hellip; <a href="http://www.erfahrungsfeld-schoen-und-gut.de/?page_id=146">Weiterlesen <span class="meta-nav">&rarr;</span></a></p>
